{"id":330,"date":"2025-10-29T10:49:31","date_gmt":"2025-10-29T09:49:31","guid":{"rendered":"https:\/\/frw-pcdr.be\/onhaye\/?page_id=330"},"modified":"2026-01-09T15:05:54","modified_gmt":"2026-01-09T14:05:54","slug":"actualites","status":"publish","type":"page","link":"https:\/\/frw-pcdr.be\/vresse-sur-semois\/actualites\/","title":{"rendered":"Actualit\u00e9s"},"content":{"rendered":"\n<div class=\"wp-block-group alignfull is-layout-constrained wp-container-core-group-is-layout-ce46af0e wp-block-group-is-layout-constrained\" style=\"padding-top:0;padding-right:3vw;padding-bottom:3vw;padding-left:3vw\">\n<h1 class=\"wp-block-heading has-text-align-left has-ast-global-color-0-color has-text-color has-link-color wp-elements-4a5e537b25b355149cbbd5be494b8a72\" style=\"margin-top:3rem;padding-top:0;padding-right:1.5vh;padding-bottom:0;padding-left:1.5vh;font-size:3.5vh;letter-spacing:0px\">ACTUALIT\u00c9S<\/h1>\n\n\n\n<h2 class=\"wp-block-heading has-text-align-left has-ast-global-color-1-color has-text-color has-link-color wp-elements-dbd4d0fac0b27ddf9730ade8dcde6000\" style=\"margin-top:var(--wp--preset--spacing--50);margin-right:0;margin-bottom:0;margin-left:0;padding-top:0;padding-right:2vh;padding-bottom:0;padding-left:2vh\">Les derni\u00e8res infos relatives au PCDR de votre commune<\/h2>\n\n\n\n<p style=\"margin-top:var(--wp--preset--spacing--40);margin-bottom:var(--wp--preset--spacing--40);padding-right:2vh;padding-left:2vh\">Projets en cours, inaugurations, r\u00e9unions&#8230;<\/p>\n<\/div>\n\n\n\n<div class=\"wp-block-group alignfull is-layout-constrained wp-block-group-is-layout-constrained\" style=\"margin-bottom:0;padding-top:0rem;padding-bottom:0rem\">\n<div class=\"wp-block-columns has-background is-layout-flex wp-container-core-columns-is-layout-2097dcb0 wp-block-columns-is-layout-flex\" style=\"border-radius:5px;background:linear-gradient(135deg,rgb(68,85,79) 0%,rgb(111,148,135) 100%);padding-top:var(--wp--preset--spacing--30);padding-right:var(--wp--preset--spacing--30);padding-bottom:var(--wp--preset--spacing--60);padding-left:var(--wp--preset--spacing--30)\">\n<div class=\"wp-block-column is-vertically-aligned-center is-layout-flow wp-block-column-is-layout-flow\" style=\"padding-right:0;padding-left:0\">\n<figure class=\"wp-block-image size-full is-resized\"><img loading=\"lazy\" decoding=\"async\" width=\"965\" height=\"610\" src=\"http:\/\/frw-pcdr.be\/vresse-sur-semois\/wp-content\/uploads\/ER6\/Vresse-sur-Semois\/Img\/sites\/28\/Plan_Bohan.webp\" alt=\"Plan de la future maison de village de Bohan. Avec une salle de 150 places assises, une cuisine, des espaces de rangement et des sanitaires. Les parkings ext\u00e9rieurs sont \u00e9galement repr\u00e9sent\u00e9s\" class=\"wp-image-1105\" style=\"aspect-ratio:1.7777777777777777;object-fit:cover;width:856px;height:auto\" srcset=\"https:\/\/frw-pcdr.be\/vresse-sur-semois\/wp-content\/uploads\/ER6\/Vresse-sur-Semois\/Img\/sites\/28\/Plan_Bohan.webp 965w, https:\/\/frw-pcdr.be\/vresse-sur-semois\/wp-content\/uploads\/ER6\/Vresse-sur-Semois\/Img\/sites\/28\/Plan_Bohan-300x190.webp 300w, https:\/\/frw-pcdr.be\/vresse-sur-semois\/wp-content\/uploads\/ER6\/Vresse-sur-Semois\/Img\/sites\/28\/Plan_Bohan-768x485.webp 768w\" sizes=\"auto, (max-width: 965px) 100vw, 965px\" \/><\/figure>\n<\/div>\n\n\n\n<div class=\"wp-block-column is-layout-flow wp-block-column-is-layout-flow\" style=\"padding-left:0\">\n<h2 class=\"wp-block-heading has-ast-global-color-3-color has-text-color has-link-color wp-elements-bf7672a7bd363b3d7e2ed633450d6c86\" style=\"padding-top:var(--wp--preset--spacing--40);padding-right:1.5vh;padding-left:1.5vh\">Approbation de la 1\u00e8re convention du PCDR !<\/h2>\n\n\n\n<h6 class=\"wp-block-heading has-ast-global-color-3-color has-text-color has-link-color wp-elements-36bd1f0f4d575d2415a91d725a5cfd59\" style=\"padding-right:1.5vh;padding-left:1.5vh\">8 Janvier 2026<\/h6>\n\n\n\n<hr class=\"wp-block-separator has-text-color has-ast-global-color-1-color has-alpha-channel-opacity has-ast-global-color-1-background-color has-background is-style-wide\"\/>\n\n\n\n<p class=\"has-ast-global-color-3-color has-text-color has-link-color wp-elements-d3bebb48b017110a20c8164dcd6ed954\" style=\"padding-right:1.5vh;padding-left:1.5vh\">Fin d\u00e9cembre, comme un cadeau, est arriv\u00e9e la nouvelle de l&rsquo;approbation du premier projet du PCDR par le gouvernement wallon. Il s&rsquo;agit de la cr\u00e9ation d&rsquo;une maison de village polyvalente \u00e0 Bohan.<br>La maison de village comprendra une salle pouvant accueillir 150 personnes assises, ainsi qu\u2019une cuisine professionnelle, un bar, une r\u00e9serve, des espaces de rangement et des sanitaires. Il y aura un local technique sous les combles.<br>\u00c0 l\u2019avant du b\u00e2timent, se trouveront \u00e9galement une place de parking PMR, quelques places de stationnement, un espace de livraison et l\u2019acc\u00e8s \u00e0 la maison de village.<br>En compl\u00e9ment de cette convention en d\u00e9veloppement rural, la Commune envisage d\u2019am\u00e9nager les abords \u00e0 l\u2019arri\u00e8re de la salle dans le cadre d\u2019autres subventions. Le projet visera la valorisation du site, en cr\u00e9ant des cheminements d\u2019acc\u00e8s au terrain multisports et au hangar \u00e0 tabac existants, une aire de jeux pour enfants, une piste de p\u00e9tanque, ainsi qu\u2019une aire de d\u00e9tente et la v\u00e9g\u00e9talisation du site. De plus, des parkings seront am\u00e9nag\u00e9s de l\u2019autre c\u00f4t\u00e9 de la voirie, en face de l\u2019espace sportif.<\/p>\n\n\n\n<div class=\"wp-block-buttons is-layout-flex wp-block-buttons-is-layout-flex\">\n<div class=\"wp-block-button\"><a class=\"wp-block-button__link wp-element-button\" href=\"https:\/\/frw-pcdr.be\/vresse-sur-semois\/les-realisations\/\">Les r\u00e9alisations<\/a><\/div>\n<\/div>\n<\/div>\n<\/div>\n\n\n\n<div style=\"height:40px\" aria-hidden=\"true\" class=\"wp-block-spacer\"><\/div>\n<\/div>\n\n\n\n<div class=\"wp-block-group alignfull is-layout-constrained wp-block-group-is-layout-constrained\" style=\"margin-bottom:0;padding-top:0rem;padding-bottom:0rem\"><\/div>\n\n\n\n<div style=\"height:40px\" aria-hidden=\"true\" class=\"wp-block-spacer\"><\/div>\n\n\n\n<div style=\"height:40px\" aria-hidden=\"true\" class=\"wp-block-spacer\"><\/div>\n\n\n\n<p><\/p>\n","protected":false},"excerpt":{"rendered":"<p>ACTUALIT\u00c9S Les derni\u00e8res infos relatives au PCDR de votre commune Projets en cours, inaugurations, r\u00e9unions&#8230; Approbation de la 1\u00e8re convention [&hellip;]<\/p>\n","protected":false},"author":1,"featured_media":1083,"parent":0,"menu_order":1,"comment_status":"closed","ping_status":"closed","template":"","meta":{"site-sidebar-layout":"default","site-content-layout":"","ast-site-content-layout":"default","site-content-style":"default","site-sidebar-style":"default","ast-global-header-display":"","ast-banner-title-visibility":"","ast-main-header-display":"","ast-hfb-above-header-display":"","ast-hfb-below-header-display":"","ast-hfb-mobile-header-display":"","site-post-title":"disabled","ast-breadcrumbs-content":"","ast-featured-img":"disabled","footer-sml-layout":"","ast-disable-related-posts":"","theme-transparent-header-meta":"","adv-header-id-meta":"","stick-header-meta":"","header-above-stick-meta":"","header-main-stick-meta":"","header-below-stick-meta":"","astra-migrate-meta-layouts":"default","ast-page-background-enabled":"default","ast-page-background-meta":{"desktop":{"background-color":"var(--ast-global-color-5)","background-image":"","background-repeat":"repeat","background-position":"center center","background-size":"auto","background-attachment":"scroll","background-type":"","background-media":"","overlay-type":"","overlay-color":"","overlay-opacity":"","overlay-gradient":""},"tablet":{"background-color":"","background-image":"","background-repeat":"repeat","background-position":"center center","background-size":"auto","background-attachment":"scroll","background-type":"","background-media":"","overlay-type":"","overlay-color":"","overlay-opacity":"","overlay-gradient":""},"mobile":{"background-color":"","background-image":"","background-repeat":"repeat","background-position":"center center","background-size":"auto","background-attachment":"scroll","background-type":"","background-media":"","overlay-type":"","overlay-color":"","overlay-opacity":"","overlay-gradient":""}},"ast-content-background-meta":{"desktop":{"background-color":"var(--ast-global-color-4)","background-image":"","background-repeat":"repeat","background-position":"center center","background-size":"auto","background-attachment":"scroll","background-type":"","background-media":"","overlay-type":"","overlay-color":"","overlay-opacity":"","overlay-gradient":""},"tablet":{"background-color":"var(--ast-global-color-4)","background-image":"","background-repeat":"repeat","background-position":"center center","background-size":"auto","background-attachment":"scroll","background-type":"","background-media":"","overlay-type":"","overlay-color":"","overlay-opacity":"","overlay-gradient":""},"mobile":{"background-color":"var(--ast-global-color-4)","background-image":"","background-repeat":"repeat","background-position":"center center","background-size":"auto","background-attachment":"scroll","background-type":"","background-media":"","overlay-type":"","overlay-color":"","overlay-opacity":"","overlay-gradient":""}},"footnotes":""},"class_list":["post-330","page","type-page","status-publish","has-post-thumbnail","hentry"],"_links":{"self":[{"href":"https:\/\/frw-pcdr.be\/vresse-sur-semois\/wp-json\/wp\/v2\/pages\/330","targetHints":{"allow":["GET"]}}],"collection":[{"href":"https:\/\/frw-pcdr.be\/vresse-sur-semois\/wp-json\/wp\/v2\/pages"}],"about":[{"href":"https:\/\/frw-pcdr.be\/vresse-sur-semois\/wp-json\/wp\/v2\/types\/page"}],"author":[{"embeddable":true,"href":"https:\/\/frw-pcdr.be\/vresse-sur-semois\/wp-json\/wp\/v2\/users\/1"}],"replies":[{"embeddable":true,"href":"https:\/\/frw-pcdr.be\/vresse-sur-semois\/wp-json\/wp\/v2\/comments?post=330"}],"version-history":[{"count":3,"href":"https:\/\/frw-pcdr.be\/vresse-sur-semois\/wp-json\/wp\/v2\/pages\/330\/revisions"}],"predecessor-version":[{"id":1126,"href":"https:\/\/frw-pcdr.be\/vresse-sur-semois\/wp-json\/wp\/v2\/pages\/330\/revisions\/1126"}],"wp:featuredmedia":[{"embeddable":true,"href":"https:\/\/frw-pcdr.be\/vresse-sur-semois\/wp-json\/wp\/v2\/media\/1083"}],"wp:attachment":[{"href":"https:\/\/frw-pcdr.be\/vresse-sur-semois\/wp-json\/wp\/v2\/media?parent=330"}],"curies":[{"name":"wp","href":"https:\/\/api.w.org\/{rel}","templated":true}]}}

Actualités

<div class="wp-block-group alignfull is-layout-constrained wp-container-core-group-is-layout-ce46af0e wp-block-group-is-layout-constrained" style="padding-top:0;padding-right:3vw;padding-bottom:3vw;padding-left:3vw">
<h1 class="wp-block-heading has-text-align-left has-ast-global-color-0-color has-text-color has-link-color wp-elements-4a5e537b25b355149cbbd5be494b8a72" style="margin-top:3rem;padding-top:0;padding-right:1.5vh;padding-bottom:0;padding-left:1.5vh;font-size:3.5vh;letter-spacing:0px">ACTUALITÉS</h1>



<h2 class="wp-block-heading has-text-align-left has-ast-global-color-1-color has-text-color has-link-color wp-elements-dbd4d0fac0b27ddf9730ade8dcde6000" style="margin-top:var(--wp--preset--spacing--50);margin-right:0;margin-bottom:0;margin-left:0;padding-top:0;padding-right:2vh;padding-bottom:0;padding-left:2vh">Les dernières infos relatives au PCDR de votre commune</h2>



<p style="margin-top:var(--wp--preset--spacing--40);margin-bottom:var(--wp--preset--spacing--40);padding-right:2vh;padding-left:2vh">Projets en cours, inaugurations, réunions&#8230;</p>
</div>



<div class="wp-block-group alignfull is-layout-constrained wp-block-group-is-layout-constrained" style="margin-bottom:0;padding-top:0rem;padding-bottom:0rem">
<div class="wp-block-columns has-background is-layout-flex wp-container-core-columns-is-layout-2097dcb0 wp-block-columns-is-layout-flex" style="border-radius:5px;background:linear-gradient(135deg,rgb(68,85,79) 0%,rgb(111,148,135) 100%);padding-top:var(--wp--preset--spacing--30);padding-right:var(--wp--preset--spacing--30);padding-bottom:var(--wp--preset--spacing--60);padding-left:var(--wp--preset--spacing--30)">
<div class="wp-block-column is-vertically-aligned-center is-layout-flow wp-block-column-is-layout-flow" style="padding-right:0;padding-left:0">
<figure class="wp-block-image size-full is-resized"><img loading="lazy" decoding="async" width="965" height="610" src="http://frw-pcdr.be/vresse-sur-semois/wp-content/uploads/ER6/Vresse-sur-Semois/Img/sites/28/Plan_Bohan.webp" alt="Plan de la future maison de village de Bohan. Avec une salle de 150 places assises, une cuisine, des espaces de rangement et des sanitaires. Les parkings extérieurs sont également représentés" class="wp-image-1105" style="aspect-ratio:1.7777777777777777;object-fit:cover;width:856px;height:auto" srcset="https://frw-pcdr.be/vresse-sur-semois/wp-content/uploads/ER6/Vresse-sur-Semois/Img/sites/28/Plan_Bohan.webp 965w, https://frw-pcdr.be/vresse-sur-semois/wp-content/uploads/ER6/Vresse-sur-Semois/Img/sites/28/Plan_Bohan-300x190.webp 300w, https://frw-pcdr.be/vresse-sur-semois/wp-content/uploads/ER6/Vresse-sur-Semois/Img/sites/28/Plan_Bohan-768x485.webp 768w" sizes="auto, (max-width: 965px) 100vw, 965px" /></figure>
</div>



<div class="wp-block-column is-layout-flow wp-block-column-is-layout-flow" style="padding-left:0">
<h2 class="wp-block-heading has-ast-global-color-3-color has-text-color has-link-color wp-elements-bf7672a7bd363b3d7e2ed633450d6c86" style="padding-top:var(--wp--preset--spacing--40);padding-right:1.5vh;padding-left:1.5vh">Approbation de la 1ère convention du PCDR !</h2>



<h6 class="wp-block-heading has-ast-global-color-3-color has-text-color has-link-color wp-elements-36bd1f0f4d575d2415a91d725a5cfd59" style="padding-right:1.5vh;padding-left:1.5vh">8 Janvier 2026</h6>



<hr class="wp-block-separator has-text-color has-ast-global-color-1-color has-alpha-channel-opacity has-ast-global-color-1-background-color has-background is-style-wide"/>



<p class="has-ast-global-color-3-color has-text-color has-link-color wp-elements-d3bebb48b017110a20c8164dcd6ed954" style="padding-right:1.5vh;padding-left:1.5vh">Fin décembre, comme un cadeau, est arrivée la nouvelle de l&rsquo;approbation du premier projet du PCDR par le gouvernement wallon. Il s&rsquo;agit de la création d&rsquo;une maison de village polyvalente à Bohan.<br>La maison de village comprendra une salle pouvant accueillir 150 personnes assises, ainsi qu’une cuisine professionnelle, un bar, une réserve, des espaces de rangement et des sanitaires. Il y aura un local technique sous les combles.<br>À l’avant du bâtiment, se trouveront également une place de parking PMR, quelques places de stationnement, un espace de livraison et l’accès à la maison de village.<br>En complément de cette convention en développement rural, la Commune envisage d’aménager les abords à l’arrière de la salle dans le cadre d’autres subventions. Le projet visera la valorisation du site, en créant des cheminements d’accès au terrain multisports et au hangar à tabac existants, une aire de jeux pour enfants, une piste de pétanque, ainsi qu’une aire de détente et la végétalisation du site. De plus, des parkings seront aménagés de l’autre côté de la voirie, en face de l’espace sportif.</p>



<div class="wp-block-buttons is-layout-flex wp-block-buttons-is-layout-flex">
<div class="wp-block-button"><a class="wp-block-button__link wp-element-button" href="https://frw-pcdr.be/vresse-sur-semois/les-realisations/">Les réalisations</a></div>
</div>
</div>
</div>



<div style="height:40px" aria-hidden="true" class="wp-block-spacer"></div>
</div>



<div class="wp-block-group alignfull is-layout-constrained wp-block-group-is-layout-constrained" style="margin-bottom:0;padding-top:0rem;padding-bottom:0rem"></div>



<div style="height:40px" aria-hidden="true" class="wp-block-spacer"></div>



<div style="height:40px" aria-hidden="true" class="wp-block-spacer"></div>



<p></p>

<p>ACTUALITÉS Les dernières infos relatives au PCDR de votre commune Projets en cours, inaugurations, réunions&#8230; Approbation de la 1ère convention [&hellip;]</p>
