{"id":330,"date":"2025-10-29T10:49:31","date_gmt":"2025-10-29T09:49:31","guid":{"rendered":"https:\/\/frw-pcdr.be\/onhaye\/?page_id=330"},"modified":"2025-12-22T12:16:20","modified_gmt":"2025-12-22T11:16:20","slug":"actualites","status":"publish","type":"page","link":"https:\/\/frw-pcdr.be\/tintigny\/actualites\/","title":{"rendered":"Actualit\u00e9s"},"content":{"rendered":"\n<div class=\"wp-block-group alignfull is-layout-constrained wp-container-core-group-is-layout-ce46af0e wp-block-group-is-layout-constrained\" style=\"padding-top:0;padding-right:3vw;padding-bottom:3vw;padding-left:3vw\">\n<h1 class=\"wp-block-heading has-text-align-left has-ast-global-color-0-color has-text-color has-link-color wp-elements-4a5e537b25b355149cbbd5be494b8a72\" style=\"margin-top:3rem;padding-top:0;padding-right:1.5vh;padding-bottom:0;padding-left:1.5vh;font-size:3.5vh;letter-spacing:0px\">ACTUALIT\u00c9S<\/h1>\n\n\n\n<h2 class=\"wp-block-heading has-text-align-left has-ast-global-color-1-color has-text-color has-link-color wp-elements-dbd4d0fac0b27ddf9730ade8dcde6000\" style=\"margin-top:var(--wp--preset--spacing--50);margin-right:0;margin-bottom:0;margin-left:0;padding-top:0;padding-right:2vh;padding-bottom:0;padding-left:2vh\">Les derni\u00e8res infos relatives au PCDR de votre commune<\/h2>\n\n\n\n<p style=\"margin-top:var(--wp--preset--spacing--40);margin-bottom:var(--wp--preset--spacing--40);padding-right:2vh;padding-left:2vh\">Projets en cours, inaugurations, r\u00e9unions&#8230;<\/p>\n<\/div>\n\n\n\n<div class=\"wp-block-group alignfull is-layout-constrained wp-block-group-is-layout-constrained\" style=\"margin-bottom:0;padding-top:0rem;padding-bottom:0rem\">\n<h2 class=\"wp-block-heading\">Rendez-vous en janvier pour l&rsquo;actualit\u00e9 des projets en cours !<\/h2>\n<\/div>\n\n\n\n<div class=\"wp-block-group alignfull is-layout-constrained wp-block-group-is-layout-constrained\" style=\"margin-bottom:0;padding-top:0rem;padding-bottom:0rem\">\n<div class=\"wp-block-columns has-background is-layout-flex wp-container-core-columns-is-layout-2097dcb0 wp-block-columns-is-layout-flex\" style=\"border-radius:5px;background:linear-gradient(135deg,rgb(68,85,79) 0%,rgb(111,148,135) 100%);padding-top:var(--wp--preset--spacing--30);padding-right:var(--wp--preset--spacing--30);padding-bottom:var(--wp--preset--spacing--60);padding-left:var(--wp--preset--spacing--30)\">\n<div class=\"wp-block-column is-vertically-aligned-center is-layout-flow wp-block-column-is-layout-flow\" style=\"padding-right:0;padding-left:0\">\n<figure class=\"wp-block-image\"><img loading=\"lazy\" decoding=\"async\" width=\"2560\" height=\"1708\" src=\"http:\/\/frw-pcdr.be\/tintigny\/wp-content\/uploads\/ER6\/Tintigny\/Img\/sites\/17\/CLDR2018-scaled.webp\" alt=\"Photo de l'ensemble des membres de la CLDR mise en place en 2018\" class=\"wp-image-1075\" style=\"aspect-ratio:16\/9;object-fit:cover\" srcset=\"https:\/\/frw-pcdr.be\/tintigny\/wp-content\/uploads\/ER6\/Tintigny\/Img\/sites\/17\/CLDR2018-scaled.webp 2560w, https:\/\/frw-pcdr.be\/tintigny\/wp-content\/uploads\/ER6\/Tintigny\/Img\/sites\/17\/CLDR2018-300x200.webp 300w, https:\/\/frw-pcdr.be\/tintigny\/wp-content\/uploads\/ER6\/Tintigny\/Img\/sites\/17\/CLDR2018-1024x683.webp 1024w, https:\/\/frw-pcdr.be\/tintigny\/wp-content\/uploads\/ER6\/Tintigny\/Img\/sites\/17\/CLDR2018-768x512.webp 768w, https:\/\/frw-pcdr.be\/tintigny\/wp-content\/uploads\/ER6\/Tintigny\/Img\/sites\/17\/CLDR2018-1536x1025.webp 1536w, https:\/\/frw-pcdr.be\/tintigny\/wp-content\/uploads\/ER6\/Tintigny\/Img\/sites\/17\/CLDR2018-2048x1367.webp 2048w\" sizes=\"auto, (max-width: 2560px) 100vw, 2560px\" \/><\/figure>\n<\/div>\n\n\n\n<div class=\"wp-block-column is-layout-flow wp-block-column-is-layout-flow\" style=\"padding-left:0\">\n<h2 class=\"wp-block-heading has-ast-global-color-3-color has-text-color has-link-color wp-elements-00dfc63350907dc30922e2c0b5f616c2\" style=\"padding-top:var(--wp--preset--spacing--40);padding-right:1.5vh;padding-left:1.5vh\">LA CLDR se renouvelle<\/h2>\n\n\n\n<h6 class=\"wp-block-heading has-ast-global-color-3-color has-text-color has-link-color wp-elements-226cffc995bf9eea8ef0515e7ecdc197\" style=\"padding-right:1.5vh;padding-left:1.5vh\">30 juin 2025<\/h6>\n\n\n\n<hr class=\"wp-block-separator has-text-color has-ast-global-color-1-color has-alpha-channel-opacity has-ast-global-color-1-background-color has-background is-style-wide\"\/>\n\n\n\n<p class=\"has-ast-global-color-3-color has-text-color has-link-color wp-elements-1afa1c9dc37dc648abd3e7c9689075e1\" style=\"padding-right:1.5vh;padding-left:1.5vh\">Cet \u00e9t\u00e9 la CLDR se renouvelle. Les inscriptions sont cl\u00f4tur\u00e9es. Le premier travail de la nouvelle CLDR sera la relecture et l&rsquo;approbation du RA 2025. Rendez-vous en 2026 pour une nouvelle photo de groupe.<\/p>\n\n\n\n<div class=\"wp-block-buttons is-layout-flex wp-block-buttons-is-layout-flex\" style=\"padding-right:2vh;padding-left:2vh\">\n<div class=\"wp-block-button\"><a class=\"wp-block-button__link wp-element-button\" href=\"https:\/\/frw-pcdr.be\/tintigny\/comment-participer\/\">Comment participer ?<\/a><\/div>\n<\/div>\n<\/div>\n<\/div>\n<\/div>\n\n\n\n<div style=\"height:40px\" aria-hidden=\"true\" class=\"wp-block-spacer\"><\/div>\n\n\n\n<div class=\"wp-block-columns has-background is-layout-flex wp-container-core-columns-is-layout-2097dcb0 wp-block-columns-is-layout-flex\" style=\"border-radius:5px;background:linear-gradient(135deg,rgb(68,85,79) 0%,rgb(111,148,135) 100%);padding-top:var(--wp--preset--spacing--30);padding-right:var(--wp--preset--spacing--30);padding-bottom:var(--wp--preset--spacing--60);padding-left:var(--wp--preset--spacing--30)\">\n<div class=\"wp-block-column is-vertically-aligned-center is-layout-flow wp-block-column-is-layout-flow\" style=\"padding-right:0;padding-left:0\">\n<figure class=\"wp-block-image size-large\"><img loading=\"lazy\" decoding=\"async\" width=\"1024\" height=\"768\" src=\"http:\/\/frw-pcdr.be\/tintigny\/wp-content\/uploads\/ER6\/Tintigny\/Img\/sites\/17\/Inaug_MR_Tintifontaine-1024x768.webp\" alt=\"Fa\u00e7ade moderne de la maison rurale Tintigny-Bellefontaine. Un b\u00e2timent blanc et noir avec grandes baies vitr\u00e9es, vue en fin de journ\u00e9e. Une esplanade pav\u00e9e se trouve au premier plan\" class=\"wp-image-1074\" style=\"aspect-ratio:16\/9;object-fit:cover\" srcset=\"https:\/\/frw-pcdr.be\/tintigny\/wp-content\/uploads\/ER6\/Tintigny\/Img\/sites\/17\/Inaug_MR_Tintifontaine-1024x768.webp 1024w, https:\/\/frw-pcdr.be\/tintigny\/wp-content\/uploads\/ER6\/Tintigny\/Img\/sites\/17\/Inaug_MR_Tintifontaine-300x225.webp 300w, https:\/\/frw-pcdr.be\/tintigny\/wp-content\/uploads\/ER6\/Tintigny\/Img\/sites\/17\/Inaug_MR_Tintifontaine-768x576.webp 768w, https:\/\/frw-pcdr.be\/tintigny\/wp-content\/uploads\/ER6\/Tintigny\/Img\/sites\/17\/Inaug_MR_Tintifontaine-1536x1152.webp 1536w, https:\/\/frw-pcdr.be\/tintigny\/wp-content\/uploads\/ER6\/Tintigny\/Img\/sites\/17\/Inaug_MR_Tintifontaine-2048x1536.webp 2048w\" sizes=\"auto, (max-width: 1024px) 100vw, 1024px\" \/><\/figure>\n<\/div>\n\n\n\n<div class=\"wp-block-column is-layout-flow wp-block-column-is-layout-flow\" style=\"padding-left:0\">\n<h2 class=\"wp-block-heading has-ast-global-color-3-color has-text-color has-link-color wp-elements-a420d83f9be09cf354dcc2b199856220\" style=\"padding-top:var(--wp--preset--spacing--40);padding-right:1.5vh;padding-left:1.5vh\">Inauguration de la MR Tintigny-Bellefontaine<\/h2>\n\n\n\n<h6 class=\"wp-block-heading has-ast-global-color-3-color has-text-color has-link-color wp-elements-9ef5e0cd727657ceb951e6dc3bda3084\" style=\"padding-right:1.5vh;padding-left:1.5vh\">29 mars 2025<\/h6>\n\n\n\n<hr class=\"wp-block-separator has-text-color has-ast-global-color-1-color has-alpha-channel-opacity has-ast-global-color-1-background-color has-background is-style-wide\"\/>\n\n\n\n<p class=\"has-ast-global-color-3-color has-text-color has-link-color wp-elements-2bee7f0b2a21fd18508c1beb77eb7c73\" style=\"padding-right:1.5vh;padding-left:1.5vh\">Inaugur\u00e9e ce 29 mars 2025, la maison rurale est situ\u00e9e \u00e0 la jonction des villages de Tintigny et Bellefontaine.<br><br>R\u00e9alis\u00e9e avec le soutien du D\u00e9veloppement Rural, elle est constitu\u00e9e de plusieurs salles permettant des utilisations \u00e0 g\u00e9om\u00e9trie variable. Une salle est \u00e9quip\u00e9e pour le spectacle. Elle dispose d\u2019une sc\u00e8ne et de gradins r\u00e9tractables.<\/p>\n\n\n\n<p class=\"has-ast-global-color-3-color has-text-color has-link-color wp-elements-3c14b28e41330217deccd520dd97d1ea\" style=\"padding-right:1.5vh;padding-left:1.5vh\">Un merveilleux outil pour les habitants et les associations locales, notamment le mouvement de jeunesse&nbsp;: le Patro et la troupe de th\u00e9\u00e2tre \u00ab&nbsp;Le Cercle de la Semois&nbsp;\u00bb.<\/p>\n<\/div>\n<\/div>\n\n\n\n<div style=\"height:40px\" aria-hidden=\"true\" class=\"wp-block-spacer\"><\/div>\n","protected":false},"excerpt":{"rendered":"<p>ACTUALIT\u00c9S Les derni\u00e8res infos relatives au PCDR de votre commune Projets en cours, inaugurations, r\u00e9unions&#8230; Rendez-vous en janvier pour l&rsquo;actualit\u00e9 [&hellip;]<\/p>\n","protected":false},"author":1,"featured_media":1047,"parent":0,"menu_order":1,"comment_status":"closed","ping_status":"closed","template":"","meta":{"site-sidebar-layout":"default","site-content-layout":"","ast-site-content-layout":"default","site-content-style":"default","site-sidebar-style":"default","ast-global-header-display":"","ast-banner-title-visibility":"","ast-main-header-display":"","ast-hfb-above-header-display":"","ast-hfb-below-header-display":"","ast-hfb-mobile-header-display":"","site-post-title":"disabled","ast-breadcrumbs-content":"","ast-featured-img":"disabled","footer-sml-layout":"","ast-disable-related-posts":"","theme-transparent-header-meta":"","adv-header-id-meta":"","stick-header-meta":"","header-above-stick-meta":"","header-main-stick-meta":"","header-below-stick-meta":"","astra-migrate-meta-layouts":"default","ast-page-background-enabled":"default","ast-page-background-meta":{"desktop":{"background-color":"var(--ast-global-color-5)","background-image":"","background-repeat":"repeat","background-position":"center center","background-size":"auto","background-attachment":"scroll","background-type":"","background-media":"","overlay-type":"","overlay-color":"","overlay-opacity":"","overlay-gradient":""},"tablet":{"background-color":"","background-image":"","background-repeat":"repeat","background-position":"center center","background-size":"auto","background-attachment":"scroll","background-type":"","background-media":"","overlay-type":"","overlay-color":"","overlay-opacity":"","overlay-gradient":""},"mobile":{"background-color":"","background-image":"","background-repeat":"repeat","background-position":"center center","background-size":"auto","background-attachment":"scroll","background-type":"","background-media":"","overlay-type":"","overlay-color":"","overlay-opacity":"","overlay-gradient":""}},"ast-content-background-meta":{"desktop":{"background-color":"var(--ast-global-color-4)","background-image":"","background-repeat":"repeat","background-position":"center center","background-size":"auto","background-attachment":"scroll","background-type":"","background-media":"","overlay-type":"","overlay-color":"","overlay-opacity":"","overlay-gradient":""},"tablet":{"background-color":"var(--ast-global-color-4)","background-image":"","background-repeat":"repeat","background-position":"center center","background-size":"auto","background-attachment":"scroll","background-type":"","background-media":"","overlay-type":"","overlay-color":"","overlay-opacity":"","overlay-gradient":""},"mobile":{"background-color":"var(--ast-global-color-4)","background-image":"","background-repeat":"repeat","background-position":"center center","background-size":"auto","background-attachment":"scroll","background-type":"","background-media":"","overlay-type":"","overlay-color":"","overlay-opacity":"","overlay-gradient":""}},"footnotes":""},"class_list":["post-330","page","type-page","status-publish","has-post-thumbnail","hentry"],"_links":{"self":[{"href":"https:\/\/frw-pcdr.be\/tintigny\/wp-json\/wp\/v2\/pages\/330","targetHints":{"allow":["GET"]}}],"collection":[{"href":"https:\/\/frw-pcdr.be\/tintigny\/wp-json\/wp\/v2\/pages"}],"about":[{"href":"https:\/\/frw-pcdr.be\/tintigny\/wp-json\/wp\/v2\/types\/page"}],"author":[{"embeddable":true,"href":"https:\/\/frw-pcdr.be\/tintigny\/wp-json\/wp\/v2\/users\/1"}],"replies":[{"embeddable":true,"href":"https:\/\/frw-pcdr.be\/tintigny\/wp-json\/wp\/v2\/comments?post=330"}],"version-history":[{"count":6,"href":"https:\/\/frw-pcdr.be\/tintigny\/wp-json\/wp\/v2\/pages\/330\/revisions"}],"predecessor-version":[{"id":1095,"href":"https:\/\/frw-pcdr.be\/tintigny\/wp-json\/wp\/v2\/pages\/330\/revisions\/1095"}],"wp:featuredmedia":[{"embeddable":true,"href":"https:\/\/frw-pcdr.be\/tintigny\/wp-json\/wp\/v2\/media\/1047"}],"wp:attachment":[{"href":"https:\/\/frw-pcdr.be\/tintigny\/wp-json\/wp\/v2\/media?parent=330"}],"curies":[{"name":"wp","href":"https:\/\/api.w.org\/{rel}","templated":true}]}}

Actualités

<div class="wp-block-group alignfull is-layout-constrained wp-container-core-group-is-layout-ce46af0e wp-block-group-is-layout-constrained" style="padding-top:0;padding-right:3vw;padding-bottom:3vw;padding-left:3vw">
<h1 class="wp-block-heading has-text-align-left has-ast-global-color-0-color has-text-color has-link-color wp-elements-4a5e537b25b355149cbbd5be494b8a72" style="margin-top:3rem;padding-top:0;padding-right:1.5vh;padding-bottom:0;padding-left:1.5vh;font-size:3.5vh;letter-spacing:0px">ACTUALITÉS</h1>



<h2 class="wp-block-heading has-text-align-left has-ast-global-color-1-color has-text-color has-link-color wp-elements-dbd4d0fac0b27ddf9730ade8dcde6000" style="margin-top:var(--wp--preset--spacing--50);margin-right:0;margin-bottom:0;margin-left:0;padding-top:0;padding-right:2vh;padding-bottom:0;padding-left:2vh">Les dernières infos relatives au PCDR de votre commune</h2>



<p style="margin-top:var(--wp--preset--spacing--40);margin-bottom:var(--wp--preset--spacing--40);padding-right:2vh;padding-left:2vh">Projets en cours, inaugurations, réunions&#8230;</p>
</div>



<div class="wp-block-group alignfull is-layout-constrained wp-block-group-is-layout-constrained" style="margin-bottom:0;padding-top:0rem;padding-bottom:0rem">
<h2 class="wp-block-heading">Rendez-vous en janvier pour l&rsquo;actualité des projets en cours !</h2>
</div>



<div class="wp-block-group alignfull is-layout-constrained wp-block-group-is-layout-constrained" style="margin-bottom:0;padding-top:0rem;padding-bottom:0rem">
<div class="wp-block-columns has-background is-layout-flex wp-container-core-columns-is-layout-2097dcb0 wp-block-columns-is-layout-flex" style="border-radius:5px;background:linear-gradient(135deg,rgb(68,85,79) 0%,rgb(111,148,135) 100%);padding-top:var(--wp--preset--spacing--30);padding-right:var(--wp--preset--spacing--30);padding-bottom:var(--wp--preset--spacing--60);padding-left:var(--wp--preset--spacing--30)">
<div class="wp-block-column is-vertically-aligned-center is-layout-flow wp-block-column-is-layout-flow" style="padding-right:0;padding-left:0">
<figure class="wp-block-image"><img loading="lazy" decoding="async" width="2560" height="1708" src="http://frw-pcdr.be/tintigny/wp-content/uploads/ER6/Tintigny/Img/sites/17/CLDR2018-scaled.webp" alt="Photo de l'ensemble des membres de la CLDR mise en place en 2018" class="wp-image-1075" style="aspect-ratio:16/9;object-fit:cover" srcset="https://frw-pcdr.be/tintigny/wp-content/uploads/ER6/Tintigny/Img/sites/17/CLDR2018-scaled.webp 2560w, https://frw-pcdr.be/tintigny/wp-content/uploads/ER6/Tintigny/Img/sites/17/CLDR2018-300x200.webp 300w, https://frw-pcdr.be/tintigny/wp-content/uploads/ER6/Tintigny/Img/sites/17/CLDR2018-1024x683.webp 1024w, https://frw-pcdr.be/tintigny/wp-content/uploads/ER6/Tintigny/Img/sites/17/CLDR2018-768x512.webp 768w, https://frw-pcdr.be/tintigny/wp-content/uploads/ER6/Tintigny/Img/sites/17/CLDR2018-1536x1025.webp 1536w, https://frw-pcdr.be/tintigny/wp-content/uploads/ER6/Tintigny/Img/sites/17/CLDR2018-2048x1367.webp 2048w" sizes="auto, (max-width: 2560px) 100vw, 2560px" /></figure>
</div>



<div class="wp-block-column is-layout-flow wp-block-column-is-layout-flow" style="padding-left:0">
<h2 class="wp-block-heading has-ast-global-color-3-color has-text-color has-link-color wp-elements-00dfc63350907dc30922e2c0b5f616c2" style="padding-top:var(--wp--preset--spacing--40);padding-right:1.5vh;padding-left:1.5vh">LA CLDR se renouvelle</h2>



<h6 class="wp-block-heading has-ast-global-color-3-color has-text-color has-link-color wp-elements-226cffc995bf9eea8ef0515e7ecdc197" style="padding-right:1.5vh;padding-left:1.5vh">30 juin 2025</h6>



<hr class="wp-block-separator has-text-color has-ast-global-color-1-color has-alpha-channel-opacity has-ast-global-color-1-background-color has-background is-style-wide"/>



<p class="has-ast-global-color-3-color has-text-color has-link-color wp-elements-1afa1c9dc37dc648abd3e7c9689075e1" style="padding-right:1.5vh;padding-left:1.5vh">Cet été la CLDR se renouvelle. Les inscriptions sont clôturées. Le premier travail de la nouvelle CLDR sera la relecture et l&rsquo;approbation du RA 2025. Rendez-vous en 2026 pour une nouvelle photo de groupe.</p>



<div class="wp-block-buttons is-layout-flex wp-block-buttons-is-layout-flex" style="padding-right:2vh;padding-left:2vh">
<div class="wp-block-button"><a class="wp-block-button__link wp-element-button" href="https://frw-pcdr.be/tintigny/comment-participer/">Comment participer ?</a></div>
</div>
</div>
</div>
</div>



<div style="height:40px" aria-hidden="true" class="wp-block-spacer"></div>



<div class="wp-block-columns has-background is-layout-flex wp-container-core-columns-is-layout-2097dcb0 wp-block-columns-is-layout-flex" style="border-radius:5px;background:linear-gradient(135deg,rgb(68,85,79) 0%,rgb(111,148,135) 100%);padding-top:var(--wp--preset--spacing--30);padding-right:var(--wp--preset--spacing--30);padding-bottom:var(--wp--preset--spacing--60);padding-left:var(--wp--preset--spacing--30)">
<div class="wp-block-column is-vertically-aligned-center is-layout-flow wp-block-column-is-layout-flow" style="padding-right:0;padding-left:0">
<figure class="wp-block-image size-large"><img loading="lazy" decoding="async" width="1024" height="768" src="http://frw-pcdr.be/tintigny/wp-content/uploads/ER6/Tintigny/Img/sites/17/Inaug_MR_Tintifontaine-1024x768.webp" alt="Façade moderne de la maison rurale Tintigny-Bellefontaine. Un bâtiment blanc et noir avec grandes baies vitrées, vue en fin de journée. Une esplanade pavée se trouve au premier plan" class="wp-image-1074" style="aspect-ratio:16/9;object-fit:cover" srcset="https://frw-pcdr.be/tintigny/wp-content/uploads/ER6/Tintigny/Img/sites/17/Inaug_MR_Tintifontaine-1024x768.webp 1024w, https://frw-pcdr.be/tintigny/wp-content/uploads/ER6/Tintigny/Img/sites/17/Inaug_MR_Tintifontaine-300x225.webp 300w, https://frw-pcdr.be/tintigny/wp-content/uploads/ER6/Tintigny/Img/sites/17/Inaug_MR_Tintifontaine-768x576.webp 768w, https://frw-pcdr.be/tintigny/wp-content/uploads/ER6/Tintigny/Img/sites/17/Inaug_MR_Tintifontaine-1536x1152.webp 1536w, https://frw-pcdr.be/tintigny/wp-content/uploads/ER6/Tintigny/Img/sites/17/Inaug_MR_Tintifontaine-2048x1536.webp 2048w" sizes="auto, (max-width: 1024px) 100vw, 1024px" /></figure>
</div>



<div class="wp-block-column is-layout-flow wp-block-column-is-layout-flow" style="padding-left:0">
<h2 class="wp-block-heading has-ast-global-color-3-color has-text-color has-link-color wp-elements-a420d83f9be09cf354dcc2b199856220" style="padding-top:var(--wp--preset--spacing--40);padding-right:1.5vh;padding-left:1.5vh">Inauguration de la MR Tintigny-Bellefontaine</h2>



<h6 class="wp-block-heading has-ast-global-color-3-color has-text-color has-link-color wp-elements-9ef5e0cd727657ceb951e6dc3bda3084" style="padding-right:1.5vh;padding-left:1.5vh">29 mars 2025</h6>



<hr class="wp-block-separator has-text-color has-ast-global-color-1-color has-alpha-channel-opacity has-ast-global-color-1-background-color has-background is-style-wide"/>



<p class="has-ast-global-color-3-color has-text-color has-link-color wp-elements-2bee7f0b2a21fd18508c1beb77eb7c73" style="padding-right:1.5vh;padding-left:1.5vh">Inaugurée ce 29 mars 2025, la maison rurale est située à la jonction des villages de Tintigny et Bellefontaine.<br><br>Réalisée avec le soutien du Développement Rural, elle est constituée de plusieurs salles permettant des utilisations à géométrie variable. Une salle est équipée pour le spectacle. Elle dispose d’une scène et de gradins rétractables.</p>



<p class="has-ast-global-color-3-color has-text-color has-link-color wp-elements-3c14b28e41330217deccd520dd97d1ea" style="padding-right:1.5vh;padding-left:1.5vh">Un merveilleux outil pour les habitants et les associations locales, notamment le mouvement de jeunesse&nbsp;: le Patro et la troupe de théâtre «&nbsp;Le Cercle de la Semois&nbsp;».</p>
</div>
</div>



<div style="height:40px" aria-hidden="true" class="wp-block-spacer"></div>

<p>ACTUALITÉS Les dernières infos relatives au PCDR de votre commune Projets en cours, inaugurations, réunions&#8230; Rendez-vous en janvier pour l&rsquo;actualité [&hellip;]</p>
