{"id":330,"date":"2025-10-29T10:49:31","date_gmt":"2025-10-29T09:49:31","guid":{"rendered":"https:\/\/frw-pcdr.be\/onhaye\/?page_id=330"},"modified":"2026-04-13T15:35:29","modified_gmt":"2026-04-13T13:35:29","slug":"actualites","status":"publish","type":"page","link":"https:\/\/frw-pcdr.be\/pecq\/actualites\/","title":{"rendered":"Actualit\u00e9s"},"content":{"rendered":"\n<div class=\"wp-block-group alignfull is-layout-constrained wp-container-core-group-is-layout-ce46af0e wp-block-group-is-layout-constrained\" style=\"padding-top:0;padding-right:3vw;padding-bottom:3vw;padding-left:3vw\">\n<h1 class=\"wp-block-heading has-text-align-left has-ast-global-color-0-color has-text-color has-link-color wp-elements-4a5e537b25b355149cbbd5be494b8a72\" style=\"margin-top:3rem;padding-top:0;padding-right:1.5vh;padding-bottom:0;padding-left:1.5vh;font-size:3.5vh;letter-spacing:0px\">ACTUALIT\u00c9S<\/h1>\n\n\n\n<h2 class=\"wp-block-heading has-text-align-left has-ast-global-color-1-color has-text-color has-link-color wp-elements-dbd4d0fac0b27ddf9730ade8dcde6000\" style=\"margin-top:var(--wp--preset--spacing--50);margin-right:0;margin-bottom:0;margin-left:0;padding-top:0;padding-right:2vh;padding-bottom:0;padding-left:2vh\">Les derni\u00e8res infos relatives au PCDR de votre commune<\/h2>\n\n\n\n<p style=\"margin-top:var(--wp--preset--spacing--40);margin-bottom:var(--wp--preset--spacing--40);padding-right:2vh;padding-left:2vh\">Projets en cours, inaugurations, r\u00e9unions&#8230;<\/p>\n<\/div>\n\n\n\n<div class=\"wp-block-group alignfull is-layout-constrained wp-block-group-is-layout-constrained\" style=\"margin-bottom:0;padding-top:0rem;padding-bottom:0rem\">\n<div class=\"wp-block-columns has-background is-layout-flex wp-container-core-columns-is-layout-2097dcb0 wp-block-columns-is-layout-flex\" style=\"border-radius:5px;background:linear-gradient(135deg,rgb(68,85,79) 0%,rgb(111,148,135) 100%);padding-top:var(--wp--preset--spacing--30);padding-right:var(--wp--preset--spacing--30);padding-bottom:var(--wp--preset--spacing--60);padding-left:var(--wp--preset--spacing--30)\">\n<div class=\"wp-block-column is-vertically-aligned-center is-layout-flow wp-block-column-is-layout-flow\" style=\"padding-right:0;padding-left:0\">\n<figure class=\"wp-block-image size-large\"><img loading=\"lazy\" decoding=\"async\" width=\"1024\" height=\"768\" src=\"http:\/\/frw-pcdr.be\/pecq\/wp-content\/uploads\/ER1\/Pecq\/Img\/sites\/45\/pecq_actucldr-1024x768.webp\" alt=\"\" class=\"wp-image-1147\" style=\"aspect-ratio:16\/9;object-fit:cover\" srcset=\"https:\/\/frw-pcdr.be\/pecq\/wp-content\/uploads\/ER1\/Pecq\/Img\/sites\/45\/pecq_actucldr-1024x768.webp 1024w, https:\/\/frw-pcdr.be\/pecq\/wp-content\/uploads\/ER1\/Pecq\/Img\/sites\/45\/pecq_actucldr-300x225.webp 300w, https:\/\/frw-pcdr.be\/pecq\/wp-content\/uploads\/ER1\/Pecq\/Img\/sites\/45\/pecq_actucldr-768x576.webp 768w, https:\/\/frw-pcdr.be\/pecq\/wp-content\/uploads\/ER1\/Pecq\/Img\/sites\/45\/pecq_actucldr-1536x1152.webp 1536w, https:\/\/frw-pcdr.be\/pecq\/wp-content\/uploads\/ER1\/Pecq\/Img\/sites\/45\/pecq_actucldr-2048x1536.webp 2048w\" sizes=\"auto, (max-width: 1024px) 100vw, 1024px\" \/><\/figure>\n<\/div>\n\n\n\n<div class=\"wp-block-column is-layout-flow wp-block-column-is-layout-flow\" style=\"padding-left:0\">\n<h2 class=\"wp-block-heading has-ast-global-color-3-color has-text-color has-link-color wp-elements-14e917989f9446314a92424764e0cc59\" style=\"padding-top:var(--wp--preset--spacing--40);padding-right:1.5vh;padding-left:1.5vh\">Rapport annuel 2025<\/h2>\n\n\n\n<h6 class=\"wp-block-heading has-ast-global-color-3-color has-text-color has-link-color wp-elements-1362629e8f9f22b7c2c27102e241755f\" style=\"padding-right:1.5vh;padding-left:1.5vh\">19\/03\/2026<\/h6>\n\n\n\n<hr class=\"wp-block-separator has-text-color has-ast-global-color-1-color has-alpha-channel-opacity has-ast-global-color-1-background-color has-background is-style-wide\"\/>\n\n\n\n<p class=\"has-ast-global-color-3-color has-text-color has-link-color wp-elements-6d505569799678d0901631e4f8037e88\" style=\"padding-right:1.5vh;padding-left:1.5vh\">Le 19 mars, la CLDR de Pecq s&rsquo;est r\u00e9unie pour faire le rapport annuel de son Op\u00e9ration de D\u00e9veloppement Rural.<br>A cette occasion, la CLDR a aussi abord\u00e9 : la sauvegarde du Micropatrimoine, les logements interg\u00e9n\u00e9rationnels \u00e0 H\u00e9rinnes et a \u00e9t\u00e9 invit\u00e9 \u00e0 repenser l&rsquo;orientation de l&rsquo;espace quartier d&rsquo;Obigies.<\/p>\n\n\n\n<p class=\"has-ast-global-color-3-color has-text-color has-link-color wp-elements-a1e3570865830a0480c7922822dfe347\" style=\"padding-right:1.5vh;padding-left:1.5vh\">A cette occasion, le compte-rendu de la pr\u00e9c\u00e9dente r\u00e9union a \u00e9t\u00e9 approuv\u00e9e et se trouve d\u00e9sormais sur la page \u00ab\u00a0Comment participer\u00a0\u00bb<\/p>\n\n\n\n<div class=\"wp-block-buttons is-layout-flex wp-block-buttons-is-layout-flex\" style=\"padding-right:2vh;padding-left:2vh\">\n<div class=\"wp-block-button\"><a class=\"wp-block-button__link wp-element-button\" href=\"https:\/\/frw-pcdr.be\/pecq\/comment-participer\/\" target=\"_blank\" rel=\"noreferrer noopener\">PV de CLDR<\/a><\/div>\n<\/div>\n<\/div>\n<\/div>\n\n\n\n<div style=\"height:40px\" aria-hidden=\"true\" class=\"wp-block-spacer\"><\/div>\n<\/div>\n\n\n\n<div class=\"wp-block-group alignfull is-layout-constrained wp-block-group-is-layout-constrained\" style=\"margin-bottom:0;padding-top:0rem;padding-bottom:0rem\">\n<div class=\"wp-block-columns has-background is-layout-flex wp-container-core-columns-is-layout-2097dcb0 wp-block-columns-is-layout-flex\" style=\"border-radius:5px;background:linear-gradient(135deg,rgb(68,85,79) 0%,rgb(111,148,135) 100%);padding-top:var(--wp--preset--spacing--30);padding-right:var(--wp--preset--spacing--30);padding-bottom:var(--wp--preset--spacing--60);padding-left:var(--wp--preset--spacing--30)\">\n<div class=\"wp-block-column is-vertically-aligned-center is-layout-flow wp-block-column-is-layout-flow\" style=\"padding-right:0;padding-left:0\">\n<figure class=\"wp-block-image size-large\"><img loading=\"lazy\" decoding=\"async\" width=\"1024\" height=\"683\" src=\"http:\/\/frw-pcdr.be\/pecq\/wp-content\/uploads\/ER1\/Pecq\/Img\/sites\/45\/mare-Loguette-contexte-1024x683.webp\" alt=\"\" class=\"wp-image-1149\" style=\"aspect-ratio:16\/9;object-fit:cover\" srcset=\"https:\/\/frw-pcdr.be\/pecq\/wp-content\/uploads\/ER1\/Pecq\/Img\/sites\/45\/mare-Loguette-contexte-1024x683.webp 1024w, https:\/\/frw-pcdr.be\/pecq\/wp-content\/uploads\/ER1\/Pecq\/Img\/sites\/45\/mare-Loguette-contexte-300x200.webp 300w, https:\/\/frw-pcdr.be\/pecq\/wp-content\/uploads\/ER1\/Pecq\/Img\/sites\/45\/mare-Loguette-contexte-768x513.webp 768w, https:\/\/frw-pcdr.be\/pecq\/wp-content\/uploads\/ER1\/Pecq\/Img\/sites\/45\/mare-Loguette-contexte-1536x1025.webp 1536w, https:\/\/frw-pcdr.be\/pecq\/wp-content\/uploads\/ER1\/Pecq\/Img\/sites\/45\/mare-Loguette-contexte-2048x1367.webp 2048w\" sizes=\"auto, (max-width: 1024px) 100vw, 1024px\" \/><\/figure>\n<\/div>\n\n\n\n<div class=\"wp-block-column is-layout-flow wp-block-column-is-layout-flow\" style=\"padding-left:0\">\n<h2 class=\"wp-block-heading has-ast-global-color-3-color has-text-color has-link-color wp-elements-ff2aaa27a3a7240f3095b945a3183d88\" style=\"padding-top:var(--wp--preset--spacing--40);padding-right:1.5vh;padding-left:1.5vh\">Petites zones humides, grands bienfaits pour la biodiversit\u00e9<\/h2>\n\n\n\n<hr class=\"wp-block-separator has-text-color has-ast-global-color-1-color has-alpha-channel-opacity has-ast-global-color-1-background-color has-background is-style-wide\"\/>\n\n\n\n<p class=\"has-ast-global-color-3-color has-text-color has-link-color wp-elements-6d69a5fec17d8ad0cb68c8467cbac744\" style=\"padding-right:1.5vh;padding-left:1.5vh\">Le printemps revenu, il \u00e9tait temps d\u2019aller jeter un \u0153il sur un des deux projets enclench\u00e9s via les appels \u00e0 projets de l\u2019op\u00e9ration Biodivercit\u00e9 et du Contrat de Rivi\u00e8re Escaut Lys.<br>En premier, la mare de la Loguette, au pied du chemin du m\u00eame nom&nbsp;\u00e0 Pecq; ce petit bassin d\u2019orage au c\u0153ur d\u2019une zone fortement artificialis\u00e9e.<\/p>\n\n\n\n<p class=\"has-ast-global-color-3-color has-text-color has-link-color wp-elements-52394a31177503df03233703e0ce1d65\" style=\"padding-right:1.5vh;padding-left:1.5vh\">La remise en lumi\u00e8re par l\u2019abattage des arbres p\u00e9riph\u00e9riques, trop nombreux, a tenu ses promesses&nbsp;: crapauds communs et grenouilles vertes s\u2019y reproduisent.<\/p>\n<\/div>\n<\/div>\n<\/div>\n\n\n\n<div style=\"height:40px\" aria-hidden=\"true\" class=\"wp-block-spacer\"><\/div>\n\n\n\n<div style=\"height:40px\" aria-hidden=\"true\" class=\"wp-block-spacer\"><\/div>\n","protected":false},"excerpt":{"rendered":"<p>ACTUALIT\u00c9S Les derni\u00e8res infos relatives au PCDR de votre commune Projets en cours, inaugurations, r\u00e9unions&#8230; Rapport annuel 2025 19\/03\/2026 Le [&hellip;]<\/p>\n","protected":false},"author":1,"featured_media":1070,"parent":0,"menu_order":1,"comment_status":"closed","ping_status":"closed","template":"","meta":{"site-sidebar-layout":"default","site-content-layout":"","ast-site-content-layout":"default","site-content-style":"default","site-sidebar-style":"default","ast-global-header-display":"","ast-banner-title-visibility":"","ast-main-header-display":"","ast-hfb-above-header-display":"","ast-hfb-below-header-display":"","ast-hfb-mobile-header-display":"","site-post-title":"disabled","ast-breadcrumbs-content":"","ast-featured-img":"disabled","footer-sml-layout":"","ast-disable-related-posts":"","theme-transparent-header-meta":"","adv-header-id-meta":"","stick-header-meta":"","header-above-stick-meta":"","header-main-stick-meta":"","header-below-stick-meta":"","astra-migrate-meta-layouts":"default","ast-page-background-enabled":"default","ast-page-background-meta":{"desktop":{"background-color":"var(--ast-global-color-5)","background-image":"","background-repeat":"repeat","background-position":"center center","background-size":"auto","background-attachment":"scroll","background-type":"","background-media":"","overlay-type":"","overlay-color":"","overlay-opacity":"","overlay-gradient":""},"tablet":{"background-color":"","background-image":"","background-repeat":"repeat","background-position":"center center","background-size":"auto","background-attachment":"scroll","background-type":"","background-media":"","overlay-type":"","overlay-color":"","overlay-opacity":"","overlay-gradient":""},"mobile":{"background-color":"","background-image":"","background-repeat":"repeat","background-position":"center center","background-size":"auto","background-attachment":"scroll","background-type":"","background-media":"","overlay-type":"","overlay-color":"","overlay-opacity":"","overlay-gradient":""}},"ast-content-background-meta":{"desktop":{"background-color":"var(--ast-global-color-4)","background-image":"","background-repeat":"repeat","background-position":"center center","background-size":"auto","background-attachment":"scroll","background-type":"","background-media":"","overlay-type":"","overlay-color":"","overlay-opacity":"","overlay-gradient":""},"tablet":{"background-color":"var(--ast-global-color-4)","background-image":"","background-repeat":"repeat","background-position":"center center","background-size":"auto","background-attachment":"scroll","background-type":"","background-media":"","overlay-type":"","overlay-color":"","overlay-opacity":"","overlay-gradient":""},"mobile":{"background-color":"var(--ast-global-color-4)","background-image":"","background-repeat":"repeat","background-position":"center center","background-size":"auto","background-attachment":"scroll","background-type":"","background-media":"","overlay-type":"","overlay-color":"","overlay-opacity":"","overlay-gradient":""}},"footnotes":""},"class_list":["post-330","page","type-page","status-publish","has-post-thumbnail","hentry"],"_links":{"self":[{"href":"https:\/\/frw-pcdr.be\/pecq\/wp-json\/wp\/v2\/pages\/330","targetHints":{"allow":["GET"]}}],"collection":[{"href":"https:\/\/frw-pcdr.be\/pecq\/wp-json\/wp\/v2\/pages"}],"about":[{"href":"https:\/\/frw-pcdr.be\/pecq\/wp-json\/wp\/v2\/types\/page"}],"author":[{"embeddable":true,"href":"https:\/\/frw-pcdr.be\/pecq\/wp-json\/wp\/v2\/users\/1"}],"replies":[{"embeddable":true,"href":"https:\/\/frw-pcdr.be\/pecq\/wp-json\/wp\/v2\/comments?post=330"}],"version-history":[{"count":6,"href":"https:\/\/frw-pcdr.be\/pecq\/wp-json\/wp\/v2\/pages\/330\/revisions"}],"predecessor-version":[{"id":1155,"href":"https:\/\/frw-pcdr.be\/pecq\/wp-json\/wp\/v2\/pages\/330\/revisions\/1155"}],"wp:featuredmedia":[{"embeddable":true,"href":"https:\/\/frw-pcdr.be\/pecq\/wp-json\/wp\/v2\/media\/1070"}],"wp:attachment":[{"href":"https:\/\/frw-pcdr.be\/pecq\/wp-json\/wp\/v2\/media?parent=330"}],"curies":[{"name":"wp","href":"https:\/\/api.w.org\/{rel}","templated":true}]}}