{"id":330,"date":"2025-10-29T10:49:31","date_gmt":"2025-10-29T09:49:31","guid":{"rendered":"https:\/\/frw-pcdr.be\/onhaye\/?page_id=330"},"modified":"2026-04-21T10:49:39","modified_gmt":"2026-04-21T08:49:39","slug":"actualites","status":"publish","type":"page","link":"https:\/\/frw-pcdr.be\/la-bruyere\/actualites\/","title":{"rendered":"Actualit\u00e9s"},"content":{"rendered":"\n<div class=\"wp-block-group alignfull is-layout-constrained wp-container-core-group-is-layout-ce46af0e wp-block-group-is-layout-constrained\" style=\"padding-top:0;padding-right:3vw;padding-bottom:3vw;padding-left:3vw\">\n<h1 class=\"wp-block-heading has-text-align-left has-ast-global-color-0-color has-text-color has-link-color wp-elements-4a5e537b25b355149cbbd5be494b8a72\" style=\"margin-top:3rem;padding-top:0;padding-right:1.5vh;padding-bottom:0;padding-left:1.5vh;font-size:3.5vh;letter-spacing:0px\">ACTUALIT\u00c9S<\/h1>\n\n\n\n<h2 class=\"wp-block-heading has-text-align-left has-ast-global-color-1-color has-text-color has-link-color wp-elements-dbd4d0fac0b27ddf9730ade8dcde6000\" style=\"margin-top:var(--wp--preset--spacing--50);margin-right:0;margin-bottom:0;margin-left:0;padding-top:0;padding-right:2vh;padding-bottom:0;padding-left:2vh\">Les derni\u00e8res infos relatives au PCDR de votre commune<\/h2>\n\n\n\n<p style=\"margin-top:var(--wp--preset--spacing--40);margin-bottom:var(--wp--preset--spacing--40);padding-right:2vh;padding-left:2vh\">Projets en cours, inaugurations, r\u00e9unions&#8230;<\/p>\n<\/div>\n\n\n\n<div class=\"wp-block-group alignfull is-layout-constrained wp-block-group-is-layout-constrained\" style=\"margin-bottom:0;padding-top:0rem;padding-bottom:0rem\">\n<div class=\"wp-block-columns has-background is-layout-flex wp-container-core-columns-is-layout-2097dcb0 wp-block-columns-is-layout-flex\" style=\"border-radius:5px;background:linear-gradient(135deg,rgb(68,85,79) 0%,rgb(111,148,135) 100%);padding-top:var(--wp--preset--spacing--30);padding-right:var(--wp--preset--spacing--30);padding-bottom:var(--wp--preset--spacing--60);padding-left:var(--wp--preset--spacing--30)\">\n<div class=\"wp-block-column is-vertically-aligned-center is-layout-flow wp-block-column-is-layout-flow\" style=\"padding-right:0;padding-left:0\">\n<figure class=\"wp-block-image size-large\"><img loading=\"lazy\" decoding=\"async\" width=\"1024\" height=\"768\" src=\"http:\/\/frw-pcdr.be\/la-bruyere\/wp-content\/uploads\/ER2\/La_Bruyere\/Img\/sites\/15\/Frelon-asiat-1024x768.webp\" alt=\"R\u00e9union publique dans une salle\u202f: public assis face \u00e0 un \u00e9cran de pr\u00e9sentation.\" class=\"wp-image-1035\" srcset=\"https:\/\/frw-pcdr.be\/la-bruyere\/wp-content\/uploads\/ER2\/La_Bruyere\/Img\/sites\/15\/Frelon-asiat-1024x768.webp 1024w, https:\/\/frw-pcdr.be\/la-bruyere\/wp-content\/uploads\/ER2\/La_Bruyere\/Img\/sites\/15\/Frelon-asiat-300x225.webp 300w, https:\/\/frw-pcdr.be\/la-bruyere\/wp-content\/uploads\/ER2\/La_Bruyere\/Img\/sites\/15\/Frelon-asiat-768x576.webp 768w, https:\/\/frw-pcdr.be\/la-bruyere\/wp-content\/uploads\/ER2\/La_Bruyere\/Img\/sites\/15\/Frelon-asiat-1536x1152.webp 1536w, https:\/\/frw-pcdr.be\/la-bruyere\/wp-content\/uploads\/ER2\/La_Bruyere\/Img\/sites\/15\/Frelon-asiat.webp 2048w\" sizes=\"auto, (max-width: 1024px) 100vw, 1024px\" \/><\/figure>\n<\/div>\n\n\n\n<div class=\"wp-block-column is-layout-flow wp-block-column-is-layout-flow\" style=\"padding-left:0\">\n<h2 class=\"wp-block-heading has-ast-global-color-3-color has-text-color has-link-color wp-elements-919cfb0182bbd6e51618a0af76d218e5\" style=\"padding-top:var(--wp--preset--spacing--40);padding-right:1.5vh;padding-left:1.5vh\">Soir\u00e9e d\u2019information sur le frelon asiatique : un public nombreux et attentif<\/h2>\n\n\n\n<h6 class=\"wp-block-heading has-ast-global-color-3-color has-text-color has-link-color wp-elements-e1d6f4d66e3639fb2aa906ac9a25b1d1\" style=\"padding-right:1.5vh;padding-left:1.5vh\"><em>21 avril 2026<\/em><\/h6>\n\n\n\n<hr class=\"wp-block-separator has-text-color has-ast-global-color-1-color has-alpha-channel-opacity has-ast-global-color-1-background-color has-background is-style-wide\" \/>\n\n\n\n<p class=\"has-ast-global-color-3-color has-text-color has-link-color wp-elements-d6e7631de502adae1ef68cbd2241510c\" style=\"padding-right:var(--wp--preset--spacing--30);padding-left:var(--wp--preset--spacing--30)\">Le <strong>mercredi 15 avril<\/strong>, la Commune de La Bruy\u00e8re a organis\u00e9 une <strong>soir\u00e9e d\u2019information consacr\u00e9e au frelon asiatique<\/strong> \u00e0 la Maison communale, en lien avec les pr\u00e9occupations et r\u00e9flexions port\u00e9es par le <strong>Groupe de Travail Nature de la CLDR<\/strong>. Pr\u00e8s de <strong>80 personnes<\/strong> ont particip\u00e9 \u00e0 cette rencontre, t\u00e9moignant de l\u2019int\u00e9r\u00eat des citoyens pour cette probl\u00e9matique.<\/p>\n\n\n\n<p class=\"has-ast-global-color-3-color has-text-color has-link-color wp-elements-52a49986c4f647745ed0e4dcd065bb08\" style=\"padding-right:var(--wp--preset--spacing--30);padding-left:var(--wp--preset--spacing--30)\">La soir\u00e9e a d\u00e9but\u00e9 par une pr\u00e9sentation de <strong>Julien Decamps, agent communal<\/strong>, qui a expliqu\u00e9 le <strong>mode de vie des frelons<\/strong>, les <strong>diff\u00e9rentes esp\u00e8ces<\/strong>, la mani\u00e8re de les reconna\u00eetre ainsi que les <strong>risques et impacts li\u00e9s \u00e0 leur d\u00e9veloppement<\/strong>.<br>Ensuite, <strong>Val\u00e9rie Buggenhout<\/strong>, l&rsquo;\u00e9chevine de l&rsquo;environnement, a d\u00e9taill\u00e9 les <strong>bons r\u00e9flexes \u00e0 adopter en cas de piq\u00fbre<\/strong>, avec une d\u00e9monstration de l\u2019<strong>utilisation de l\u2019aspi\u2011venin<\/strong>.<\/p>\n\n\n\n<p class=\"has-ast-global-color-3-color has-text-color has-link-color wp-elements-a378d32a8bb0eab9d535f8d2fe7484e1\" style=\"padding-right:var(--wp--preset--spacing--30);padding-left:var(--wp--preset--spacing--30)\">Un <strong>apiculteur de Bovesse<\/strong> est ensuite venu partager, avec beaucoup de passion, son exp\u00e9rience et les <strong>cons\u00e9quences concr\u00e8tes du frelon sur son activit\u00e9 apicole<\/strong>, apportant un t\u00e9moignage tr\u00e8s parlant pour le public.<\/p>\n\n\n\n<p class=\"has-ast-global-color-3-color has-text-color has-link-color wp-elements-40746d63e11ed1e09c43d5f69e51719d\" style=\"padding-right:var(--wp--preset--spacing--30);padding-left:var(--wp--preset--spacing--30)\">La soir\u00e9e s\u2019est cl\u00f4tur\u00e9e par la <strong>distribution de pi\u00e8ges \u00e0 frelon<\/strong>, permettant aux participants de repartir avec des outils concrets pour agir. Une initiative qui illustre l\u2019importance de <strong>l\u2019information, de la pr\u00e9vention et de l\u2019action collective<\/strong> face \u00e0 cet enjeu environnemental.<\/p>\n<\/div>\n<\/div>\n\n\n\n<div style=\"height:40px\" aria-hidden=\"true\" class=\"wp-block-spacer\"><\/div>\n<\/div>\n\n\n\n<div class=\"wp-block-group alignfull is-layout-constrained wp-block-group-is-layout-constrained\" style=\"margin-bottom:0;padding-top:0rem;padding-bottom:0rem\">\n<div class=\"wp-block-columns has-background is-layout-flex wp-container-core-columns-is-layout-2097dcb0 wp-block-columns-is-layout-flex\" style=\"border-radius:5px;background:linear-gradient(135deg,rgb(68,85,79) 0%,rgb(111,148,135) 100%);padding-top:var(--wp--preset--spacing--30);padding-right:var(--wp--preset--spacing--30);padding-bottom:var(--wp--preset--spacing--60);padding-left:var(--wp--preset--spacing--30)\">\n<div class=\"wp-block-column is-vertically-aligned-center is-layout-flow wp-block-column-is-layout-flow\" style=\"padding-right:0;padding-left:0\">\n<figure class=\"wp-block-image size-large\"><img loading=\"lazy\" decoding=\"async\" width=\"1024\" height=\"768\" src=\"http:\/\/frw-pcdr.be\/la-bruyere\/wp-content\/uploads\/ER2\/La_Bruyere\/Img\/sites\/15\/Place-de-meux-1024x768.jpg\" alt=\"Vue de la Place de Meux \u00e0 La Bruy\u00e8re\" class=\"wp-image-981\" srcset=\"https:\/\/frw-pcdr.be\/la-bruyere\/wp-content\/uploads\/ER2\/La_Bruyere\/Img\/sites\/15\/Place-de-meux-1024x768.jpg 1024w, https:\/\/frw-pcdr.be\/la-bruyere\/wp-content\/uploads\/ER2\/La_Bruyere\/Img\/sites\/15\/Place-de-meux-300x225.jpg 300w, https:\/\/frw-pcdr.be\/la-bruyere\/wp-content\/uploads\/ER2\/La_Bruyere\/Img\/sites\/15\/Place-de-meux-768x576.jpg 768w, https:\/\/frw-pcdr.be\/la-bruyere\/wp-content\/uploads\/ER2\/La_Bruyere\/Img\/sites\/15\/Place-de-meux.jpg 1067w\" sizes=\"auto, (max-width: 1024px) 100vw, 1024px\" \/><\/figure>\n\n\n\n<figure class=\"wp-block-gallery has-nested-images columns-default is-cropped wp-block-gallery-1 is-layout-flex wp-block-gallery-is-layout-flex\">\n<figure class=\"wp-block-image size-large\"><img loading=\"lazy\" decoding=\"async\" width=\"1024\" height=\"724\" data-id=\"980\" src=\"https:\/\/frw-pcdr.be\/la-bruyere\/wp-content\/uploads\/ER2\/La_Bruyere\/Img\/sites\/15\/place-de-meux-vue-aerienne-1024x724.jpg\" alt=\"Vue a\u00e9rienne de la place de Meux \u00e0 La Bruy\u00e8re et de la zone concern\u00e9e par la fiche projet\" class=\"wp-image-980\" srcset=\"https:\/\/frw-pcdr.be\/la-bruyere\/wp-content\/uploads\/ER2\/La_Bruyere\/Img\/sites\/15\/place-de-meux-vue-aerienne-1024x724.jpg 1024w, https:\/\/frw-pcdr.be\/la-bruyere\/wp-content\/uploads\/ER2\/La_Bruyere\/Img\/sites\/15\/place-de-meux-vue-aerienne-300x212.jpg 300w, https:\/\/frw-pcdr.be\/la-bruyere\/wp-content\/uploads\/ER2\/La_Bruyere\/Img\/sites\/15\/place-de-meux-vue-aerienne-768x543.jpg 768w, https:\/\/frw-pcdr.be\/la-bruyere\/wp-content\/uploads\/ER2\/La_Bruyere\/Img\/sites\/15\/place-de-meux-vue-aerienne.jpg 1100w\" sizes=\"auto, (max-width: 1024px) 100vw, 1024px\" \/><\/figure>\n\n\n\n<figure class=\"wp-block-image size-large\"><img loading=\"lazy\" decoding=\"async\" width=\"1024\" height=\"723\" data-id=\"982\" src=\"https:\/\/frw-pcdr.be\/la-bruyere\/wp-content\/uploads\/ER2\/La_Bruyere\/Img\/sites\/15\/place-de-meux-schema-amenagement-1024x723.jpg\" alt=\"Sch\u00e9ma des am\u00e9nagements envisag\u00e9s pour la place de Meux de La Bruy\u00e8re \" class=\"wp-image-982\" srcset=\"https:\/\/frw-pcdr.be\/la-bruyere\/wp-content\/uploads\/ER2\/La_Bruyere\/Img\/sites\/15\/place-de-meux-schema-amenagement-1024x723.jpg 1024w, https:\/\/frw-pcdr.be\/la-bruyere\/wp-content\/uploads\/ER2\/La_Bruyere\/Img\/sites\/15\/place-de-meux-schema-amenagement-300x212.jpg 300w, https:\/\/frw-pcdr.be\/la-bruyere\/wp-content\/uploads\/ER2\/La_Bruyere\/Img\/sites\/15\/place-de-meux-schema-amenagement-768x542.jpg 768w, https:\/\/frw-pcdr.be\/la-bruyere\/wp-content\/uploads\/ER2\/La_Bruyere\/Img\/sites\/15\/place-de-meux-schema-amenagement.jpg 1100w\" sizes=\"auto, (max-width: 1024px) 100vw, 1024px\" \/><\/figure>\n<\/figure>\n<\/div>\n\n\n\n<div class=\"wp-block-column is-layout-flow wp-block-column-is-layout-flow\" style=\"padding-left:0\">\n<h2 class=\"wp-block-heading has-ast-global-color-3-color has-text-color has-link-color wp-elements-4590a567292a62c33cdd3d51e3d6a5be\" style=\"padding-top:var(--wp--preset--spacing--40);padding-right:1.5vh;padding-left:1.5vh\">En route vers le r\u00e9am\u00e9nagement de la place de Meux<\/h2>\n\n\n\n<h6 class=\"wp-block-heading has-ast-global-color-3-color has-text-color has-link-color wp-elements-79fec20d115e72f346ae440e620fb41a\" style=\"padding-right:1.5vh;padding-left:1.5vh\"><em>11 octobre 2023<\/em><\/h6>\n\n\n\n<hr class=\"wp-block-separator has-text-color has-ast-global-color-1-color has-alpha-channel-opacity has-ast-global-color-1-background-color has-background is-style-wide\" \/>\n\n\n\n<p class=\"has-ast-global-color-3-color has-text-color has-link-color wp-elements-a4760436c767ac9f16257a04045da1c3\" style=\"padding-right:1.5vh;padding-left:1.5vh\">La Ministre de la Ruralit\u00e9, Mme C\u00e9line TELLIER, approuve la \u00ab\u00a0demande de convention\u00a0\u00bb demand\u00e9e par la CLDR et la Commune pour le r\u00e9am\u00e9nagement de la place de Meux.<\/p>\n\n\n\n<p class=\"has-ast-global-color-3-color has-text-color has-link-color wp-elements-9d857f82bdd704f15f14d88bcad4441b\" style=\"padding-right:var(--wp--preset--spacing--30);padding-left:var(--wp--preset--spacing--30)\">L&rsquo;accord de la Ministre permet \u00e0 la Commune d&rsquo;initier le projet de r\u00e9am\u00e9nagement de la place de Meux estim\u00e9 \u00e0 plus d&rsquo;1.600.000\u20ac avec une part de subsides de 400.000\u20ac octroy\u00e9s par la R\u00e9gion dans le cadre du D\u00e9veloppement Rural.&nbsp;<br>Ce projet a d\u00e9j\u00e0 fait l&rsquo;objet de concertation avec la Commission Locale de D\u00e9veloppement Rural et la Commission d&rsquo;Am\u00e9nagement du Territoire et de la Mobilit\u00e9 de la Communre, ainsi qu&rsquo;avec la Fabrique d&rsquo;\u00c9glise qui a marqu\u00e9 son accord pour \u00e9tendre le projet sur l&rsquo;espace vert situ\u00e9 \u00e0 l&rsquo;arri\u00e8re du site.<br>Pour la suite, la Commune lancera un march\u00e9 public pour trouver un auteur de projet qui \u00e9tablira les plans et mesures du projet. Celui-ci sera pr\u00e9sent\u00e9 aux riverains et acteurs locaux afin qu&rsquo;ils puissent prendre en compte les demandes des uns et des autres pour que le projet s&rsquo;accorder au mieux aux besoins de chacun.<\/p>\n\n\n\n<div class=\"wp-block-buttons is-layout-flex wp-block-buttons-is-layout-flex\" style=\"padding-right:2vh;padding-left:2vh\">\n<div class=\"wp-block-button\"><a class=\"wp-block-button__link wp-element-button\" href=\"https:\/\/frw-pcdr.be\/la-bruyere\/le-pcdr\/\">Vers les fiches projets (partie V du PCDR)<\/a><\/div>\n<\/div>\n<\/div>\n<\/div>\n\n\n\n<div style=\"height:40px\" aria-hidden=\"true\" class=\"wp-block-spacer\"><\/div>\n<\/div>\n\n\n\n<div class=\"wp-block-group alignfull is-layout-constrained wp-block-group-is-layout-constrained\" style=\"margin-bottom:0;padding-top:0rem;padding-bottom:0rem\"><\/div>\n\n\n\n<div style=\"height:40px\" aria-hidden=\"true\" class=\"wp-block-spacer\"><\/div>\n\n\n\n<div style=\"height:40px\" aria-hidden=\"true\" class=\"wp-block-spacer\"><\/div>\n","protected":false},"excerpt":{"rendered":"<p>ACTUALIT\u00c9S Les derni\u00e8res infos relatives au PCDR de votre commune Projets en cours, inaugurations, r\u00e9unions&#8230; Soir\u00e9e d\u2019information sur le frelon [&hellip;]<\/p>\n","protected":false},"author":1,"featured_media":891,"parent":0,"menu_order":1,"comment_status":"closed","ping_status":"closed","template":"","meta":{"site-sidebar-layout":"default","site-content-layout":"","ast-site-content-layout":"default","site-content-style":"default","site-sidebar-style":"default","ast-global-header-display":"","ast-banner-title-visibility":"","ast-main-header-display":"","ast-hfb-above-header-display":"","ast-hfb-below-header-display":"","ast-hfb-mobile-header-display":"","site-post-title":"disabled","ast-breadcrumbs-content":"","ast-featured-img":"disabled","footer-sml-layout":"","ast-disable-related-posts":"","theme-transparent-header-meta":"","adv-header-id-meta":"","stick-header-meta":"","header-above-stick-meta":"","header-main-stick-meta":"","header-below-stick-meta":"","astra-migrate-meta-layouts":"default","ast-page-background-enabled":"default","ast-page-background-meta":{"desktop":{"background-color":"var(--ast-global-color-5)","background-image":"","background-repeat":"repeat","background-position":"center center","background-size":"auto","background-attachment":"scroll","background-type":"","background-media":"","overlay-type":"","overlay-color":"","overlay-opacity":"","overlay-gradient":""},"tablet":{"background-color":"","background-image":"","background-repeat":"repeat","background-position":"center center","background-size":"auto","background-attachment":"scroll","background-type":"","background-media":"","overlay-type":"","overlay-color":"","overlay-opacity":"","overlay-gradient":""},"mobile":{"background-color":"","background-image":"","background-repeat":"repeat","background-position":"center center","background-size":"auto","background-attachment":"scroll","background-type":"","background-media":"","overlay-type":"","overlay-color":"","overlay-opacity":"","overlay-gradient":""}},"ast-content-background-meta":{"desktop":{"background-color":"var(--ast-global-color-4)","background-image":"","background-repeat":"repeat","background-position":"center center","background-size":"auto","background-attachment":"scroll","background-type":"","background-media":"","overlay-type":"","overlay-color":"","overlay-opacity":"","overlay-gradient":""},"tablet":{"background-color":"var(--ast-global-color-4)","background-image":"","background-repeat":"repeat","background-position":"center center","background-size":"auto","background-attachment":"scroll","background-type":"","background-media":"","overlay-type":"","overlay-color":"","overlay-opacity":"","overlay-gradient":""},"mobile":{"background-color":"var(--ast-global-color-4)","background-image":"","background-repeat":"repeat","background-position":"center center","background-size":"auto","background-attachment":"scroll","background-type":"","background-media":"","overlay-type":"","overlay-color":"","overlay-opacity":"","overlay-gradient":""}},"footnotes":""},"class_list":["post-330","page","type-page","status-publish","has-post-thumbnail","hentry"],"_links":{"self":[{"href":"https:\/\/frw-pcdr.be\/la-bruyere\/wp-json\/wp\/v2\/pages\/330","targetHints":{"allow":["GET"]}}],"collection":[{"href":"https:\/\/frw-pcdr.be\/la-bruyere\/wp-json\/wp\/v2\/pages"}],"about":[{"href":"https:\/\/frw-pcdr.be\/la-bruyere\/wp-json\/wp\/v2\/types\/page"}],"author":[{"embeddable":true,"href":"https:\/\/frw-pcdr.be\/la-bruyere\/wp-json\/wp\/v2\/users\/1"}],"replies":[{"embeddable":true,"href":"https:\/\/frw-pcdr.be\/la-bruyere\/wp-json\/wp\/v2\/comments?post=330"}],"version-history":[{"count":6,"href":"https:\/\/frw-pcdr.be\/la-bruyere\/wp-json\/wp\/v2\/pages\/330\/revisions"}],"predecessor-version":[{"id":1036,"href":"https:\/\/frw-pcdr.be\/la-bruyere\/wp-json\/wp\/v2\/pages\/330\/revisions\/1036"}],"wp:featuredmedia":[{"embeddable":true,"href":"https:\/\/frw-pcdr.be\/la-bruyere\/wp-json\/wp\/v2\/media\/891"}],"wp:attachment":[{"href":"https:\/\/frw-pcdr.be\/la-bruyere\/wp-json\/wp\/v2\/media?parent=330"}],"curies":[{"name":"wp","href":"https:\/\/api.w.org\/{rel}","templated":true}]}}