{"id":9,"date":"2025-10-21T17:16:36","date_gmt":"2025-10-21T15:16:36","guid":{"rendered":"https:\/\/frw-pcdr.be\/onhaye\/?page_id=9"},"modified":"2026-03-06T12:08:42","modified_gmt":"2026-03-06T11:08:42","slug":"les-realisations","status":"publish","type":"page","link":"https:\/\/frw-pcdr.be\/houyet\/les-realisations\/","title":{"rendered":"Les r\u00e9alisations"},"content":{"rendered":"\n<div class=\"wp-block-group alignfull has-ast-global-color-3-background-color has-background is-layout-constrained wp-container-core-group-is-layout-c7ccc7fa wp-block-group-is-layout-constrained\" style=\"margin-top:0;margin-bottom:0;padding-top:var(--wp--preset--spacing--60);padding-right:3vw;padding-bottom:var(--wp--preset--spacing--50);padding-left:3vw\">\n<h1 class=\"wp-block-heading has-ast-global-color-0-color has-text-color has-link-color wp-elements-14a7137f7fcb5b615cd65c93dd7455c9\" style=\"padding-top:0;padding-right:1.5vh;padding-bottom:0;padding-left:1.5vh;font-size:3.5vh;letter-spacing:0px\">En cours<\/h1>\n\n\n\n<hr class=\"wp-block-separator has-text-color has-ast-global-color-1-color has-alpha-channel-opacity has-ast-global-color-1-background-color has-background is-style-wide\" \/>\n\n\n\n<div class=\"wp-block-columns is-layout-flex wp-container-core-columns-is-layout-a531a0f7 wp-block-columns-is-layout-flex\" style=\"padding-right:0;padding-left:0\">\n<div class=\"wp-block-column is-layout-flow wp-block-column-is-layout-flow\">\n<h2 class=\"wp-block-heading\" style=\"margin-right:1.5vh;margin-left:1.5vh\">Fiche 1.5 &#8211; Patrimoine naturel et Biodiversit\u00e9  <\/h2>\n\n\n\n<p style=\"margin-top:0.5rem;margin-right:1.5vh;margin-bottom:0.5rem;margin-left:1.5vh\">Dans le cadre du projet 1.5, qui vise \u00e0 la \u00ab\u00a0Mise en place de mesures et d&rsquo;actions pour prot\u00e9ger, pr\u00e9server et valoriser le patrimoine naturel et la biodiversit\u00e9\u00a0\u00bb, un groupe de travail d\u00e9di\u00e9 \u00e0 la biodiversit\u00e9 s&rsquo;est constitu\u00e9 et m\u00e8ne diff\u00e9rentes actions : plantations, verdurisation des cimeti\u00e8res, cr\u00e9ation de mares ou encore installation de nichoirs.<\/p>\n\n\n\n<div class=\"wp-block-buttons is-content-justification-center is-layout-flex wp-container-core-buttons-is-layout-f4a7c4dd wp-block-buttons-is-layout-flex\" style=\"padding-right:1.5vh;padding-left:1.5vh\">\n<div class=\"wp-block-button\"><a class=\"wp-block-button__link wp-element-button\" href=\"https:\/\/frw-pcdr.be\/houyet\/wp-content\/uploads\/ER3\/Houyet\/Doc\/PCDR\/Partie5_PCDR_Houyet.pdf\" target=\"_blank\" rel=\"noreferrer noopener\">Consulter le projet 1.5<\/a><\/div>\n<\/div>\n\n\n\n<div style=\"height:14px\" aria-hidden=\"true\" class=\"wp-block-spacer\"><\/div>\n\n\n\n<figure class=\"wp-block-image aligncenter size-large is-resized\"><img loading=\"lazy\" decoding=\"async\" width=\"1024\" height=\"1024\" src=\"http:\/\/frw-pcdr.be\/houyet\/wp-content\/uploads\/ER3\/Houyet\/Img\/sites\/35\/GT-biodiversite-edited-1024x1024.webp\" alt=\"\" class=\"wp-image-1232\" style=\"width:309px;height:auto\" srcset=\"https:\/\/frw-pcdr.be\/houyet\/wp-content\/uploads\/ER3\/Houyet\/Img\/sites\/35\/GT-biodiversite-edited-1024x1024.webp 1024w, https:\/\/frw-pcdr.be\/houyet\/wp-content\/uploads\/ER3\/Houyet\/Img\/sites\/35\/GT-biodiversite-edited-300x300.webp 300w, https:\/\/frw-pcdr.be\/houyet\/wp-content\/uploads\/ER3\/Houyet\/Img\/sites\/35\/GT-biodiversite-edited-150x150.webp 150w, https:\/\/frw-pcdr.be\/houyet\/wp-content\/uploads\/ER3\/Houyet\/Img\/sites\/35\/GT-biodiversite-edited-768x768.webp 768w, https:\/\/frw-pcdr.be\/houyet\/wp-content\/uploads\/ER3\/Houyet\/Img\/sites\/35\/GT-biodiversite-edited-1536x1536.webp 1536w, https:\/\/frw-pcdr.be\/houyet\/wp-content\/uploads\/ER3\/Houyet\/Img\/sites\/35\/GT-biodiversite-edited-2048x2048.webp 2048w\" sizes=\"auto, (max-width: 1024px) 100vw, 1024px\" \/><\/figure>\n\n\n\n<div class=\"wp-block-group is-vertical is-layout-flex wp-container-core-group-is-layout-fe9cc265 wp-block-group-is-layout-flex\">\n<div style=\"height:0px\" aria-hidden=\"true\" class=\"wp-block-spacer wp-container-content-9760934e\"><\/div>\n<\/div>\n<\/div>\n\n\n\n<div class=\"wp-block-column is-layout-flow wp-block-column-is-layout-flow\" style=\"padding-right:0;padding-left:0\">\n<h2 class=\"wp-block-heading\" style=\"margin-right:1.5vh;margin-left:1.5vh\">Fiche 1.7 &#8211; Pr\u00e9servation et restauration du petit patrimoine<\/h2>\n\n\n\n<p style=\"margin-top:0.5rem;margin-right:1.5vh;margin-bottom:0.5rem;margin-left:1.5vh\">Un groupe de travail s&rsquo;est constitu\u00e9 en lien avec le projet 1.7 d\u00e9di\u00e9 \u00e0 la pr\u00e9servation et la restauration du petit patrimoine. Les membres du groupe ont suivi une formation et le recensement participatif du petit patrimoine est en cours. Le groupe r\u00e9fl\u00e9chit \u00e0 la valorisation de l&rsquo;inventaire que l&rsquo;on peut retrouver sur une carte interactive (voir ci-dessous).<\/p>\n\n\n\n<div class=\"wp-block-buttons is-content-justification-center is-layout-flex wp-container-core-buttons-is-layout-b62c0841 wp-block-buttons-is-layout-flex\" style=\"padding-right:1.5vh;padding-left:1.5vh\">\n<div class=\"wp-block-button has-custom-width wp-block-button__width-50\"><a class=\"wp-block-button__link wp-element-button\" href=\"https:\/\/frw-pcdr.be\/houyet\/wp-content\/uploads\/ER3\/Houyet\/Doc\/PCDR\/Partie5_PCDR_Houyet.pdf\" target=\"_blank\" rel=\"noreferrer noopener\">Consulter le projet 1.7<\/a><\/div>\n\n\n\n<div class=\"wp-block-button\"><a class=\"wp-block-button__link wp-element-button\" href=\"https:\/\/houyet-patrimoine.gogocarto.fr\/map#\/carte\/\" target=\"_blank\" rel=\"noreferrer noopener\">Carte du patrimoine<\/a><\/div>\n<\/div>\n\n\n\n<figure class=\"wp-block-image aligncenter size-large is-resized\"><img loading=\"lazy\" decoding=\"async\" width=\"1024\" height=\"768\" src=\"http:\/\/frw-pcdr.be\/houyet\/wp-content\/uploads\/ER3\/Houyet\/Img\/sites\/35\/Patrimoine-Custinne-11-1024x768.webp\" alt=\"Vue d\u2019une petite chapelle blanche entour\u00e9e de v\u00e9g\u00e9tation, baign\u00e9e par le soleil, repr\u00e9sentant un \u00e9l\u00e9ment du patrimoine rural local.\" class=\"wp-image-1210\" style=\"aspect-ratio:1.3333898400858903;width:427px;height:auto\" srcset=\"https:\/\/frw-pcdr.be\/houyet\/wp-content\/uploads\/ER3\/Houyet\/Img\/sites\/35\/Patrimoine-Custinne-11-1024x768.webp 1024w, https:\/\/frw-pcdr.be\/houyet\/wp-content\/uploads\/ER3\/Houyet\/Img\/sites\/35\/Patrimoine-Custinne-11-300x225.webp 300w, https:\/\/frw-pcdr.be\/houyet\/wp-content\/uploads\/ER3\/Houyet\/Img\/sites\/35\/Patrimoine-Custinne-11-768x576.webp 768w, https:\/\/frw-pcdr.be\/houyet\/wp-content\/uploads\/ER3\/Houyet\/Img\/sites\/35\/Patrimoine-Custinne-11.webp 1440w\" sizes=\"auto, (max-width: 1024px) 100vw, 1024px\" \/><\/figure>\n<\/div>\n\n\n\n<div class=\"wp-block-column is-layout-flow wp-block-column-is-layout-flow\">\n<h2 class=\"wp-block-heading\" style=\"margin-right:1.5vh;margin-left:1.5vh\">Fiche 2.4 &#8211; Cr\u00e9ation d&rsquo;un groupe de travail \u00ab\u00a0jeunes\u00a0\u00bb <\/h2>\n\n\n\n<p style=\"margin-top:0.5rem;margin-right:1.5vh;margin-bottom:0.5rem;margin-left:1.5vh\">Le projet 2.4 du PCDR consiste en la \u00ab\u00a0cr\u00e9ation d&rsquo;un groupe de travail des jeunes et l&rsquo;accompagnement au d\u00e9veloppement d&rsquo;activit\u00e9s\u00a0\u00bb. L&rsquo;id\u00e9e principale est notamment de cr\u00e9er du lien,  au travers d&rsquo;activit\u00e9s, entre les diff\u00e9rents comit\u00e9s de jeunes du territoire. Les jeunes \u00e9taient pr\u00e9sents au march\u00e9 de no\u00ebl et repr\u00e9senteront la commune au comit\u00e9 de jumelage avec la ville de Rasteau, en France.<\/p>\n\n\n\n<div class=\"wp-block-buttons is-content-justification-center is-layout-flex wp-container-core-buttons-is-layout-f4a7c4dd wp-block-buttons-is-layout-flex\" style=\"padding-right:1.5vh;padding-left:1.5vh\">\n<div class=\"wp-block-button\"><a class=\"wp-block-button__link wp-element-button\" href=\"https:\/\/frw-pcdr.be\/houyet\/wp-content\/uploads\/ER3\/Houyet\/Doc\/PCDR\/Partie5_PCDR_Houyet.pdf\" target=\"_blank\" rel=\"noreferrer noopener\">Consulter le projet 2.4<\/a><\/div>\n<\/div>\n\n\n\n<figure class=\"wp-block-image aligncenter size-full is-resized\"><img loading=\"lazy\" decoding=\"async\" width=\"1024\" height=\"1024\" src=\"http:\/\/frw-pcdr.be\/houyet\/wp-content\/uploads\/ER3\/Houyet\/Img\/sites\/35\/Logo-Jeunes-dHouyet.webp\" alt=\"\" class=\"wp-image-1130\" style=\"width:348px;height:auto\" srcset=\"https:\/\/frw-pcdr.be\/houyet\/wp-content\/uploads\/ER3\/Houyet\/Img\/sites\/35\/Logo-Jeunes-dHouyet.webp 1024w, https:\/\/frw-pcdr.be\/houyet\/wp-content\/uploads\/ER3\/Houyet\/Img\/sites\/35\/Logo-Jeunes-dHouyet-300x300.webp 300w, https:\/\/frw-pcdr.be\/houyet\/wp-content\/uploads\/ER3\/Houyet\/Img\/sites\/35\/Logo-Jeunes-dHouyet-150x150.webp 150w, https:\/\/frw-pcdr.be\/houyet\/wp-content\/uploads\/ER3\/Houyet\/Img\/sites\/35\/Logo-Jeunes-dHouyet-768x768.webp 768w\" sizes=\"auto, (max-width: 1024px) 100vw, 1024px\" \/><\/figure>\n\n\n\n<div class=\"wp-block-buttons alignfull is-content-justification-center is-layout-flex wp-container-core-buttons-is-layout-f4a7c4dd wp-block-buttons-is-layout-flex\" style=\"padding-right:1.5vh;padding-left:1.5vh\"><\/div>\n<\/div>\n<\/div>\n\n\n\n<div style=\"height:20px\" aria-hidden=\"true\" class=\"wp-block-spacer\"><\/div>\n<\/div>\n\n\n\n<div class=\"wp-block-group alignfull has-ast-global-color-3-background-color has-background is-layout-constrained wp-container-core-group-is-layout-c7ccc7fa wp-block-group-is-layout-constrained\" style=\"margin-top:0;margin-bottom:0;padding-top:var(--wp--preset--spacing--60);padding-right:3vw;padding-bottom:var(--wp--preset--spacing--50);padding-left:3vw\">\n<hr class=\"wp-block-separator has-text-color has-ast-global-color-1-color has-alpha-channel-opacity has-ast-global-color-1-background-color has-background is-style-wide\" \/>\n\n\n\n<div style=\"height:20px\" aria-hidden=\"true\" class=\"wp-block-spacer\"><\/div>\n<\/div>\n\n\n\n<div style=\"height:50px\" aria-hidden=\"true\" class=\"wp-block-spacer\"><\/div>\n\n\n\n<p class=\"has-text-align-center has-ast-global-color-2-color has-text-color has-link-color wp-elements-557f917ff42630a8877ee262e7df4b06\" style=\"padding-right:3vh;padding-left:3vh\"><strong>Envie de d\u00e9couvrir d\u2019autres projets et mesurer l\u2019\u00e9tendue des champs d\u2019action du d\u00e9veloppement rural ? Rendez-vous sur&#8230;<\/strong><\/p>\n\n\n\n<div class=\"wp-block-buttons is-content-justification-center is-layout-flex wp-container-core-buttons-is-layout-a89b3969 wp-block-buttons-is-layout-flex\">\n<div class=\"wp-block-button\"><a class=\"wp-block-button__link wp-element-button\" href=\"https:\/\/www.frw.be\/des-projets-pour\/\" target=\"_blank\" rel=\"noreferrer noopener\"><strong>FRW &#8211; Des projets pour&#8230;<\/strong><\/a><\/div>\n<\/div>\n\n\n\n<div style=\"height:50px\" aria-hidden=\"true\" class=\"wp-block-spacer\"><\/div>\n","protected":false},"excerpt":{"rendered":"<p>En cours Fiche 1.5 &#8211; Patrimoine naturel et Biodiversit\u00e9 Dans le cadre du projet 1.5, qui vise \u00e0 la \u00ab\u00a0Mise [&hellip;]<\/p>\n","protected":false},"author":1,"featured_media":1066,"parent":0,"menu_order":3,"comment_status":"closed","ping_status":"closed","template":"","meta":{"site-sidebar-layout":"default","site-content-layout":"","ast-site-content-layout":"default","site-content-style":"default","site-sidebar-style":"default","ast-global-header-display":"","ast-banner-title-visibility":"","ast-main-header-display":"","ast-hfb-above-header-display":"","ast-hfb-below-header-display":"","ast-hfb-mobile-header-display":"","site-post-title":"disabled","ast-breadcrumbs-content":"","ast-featured-img":"disabled","footer-sml-layout":"","ast-disable-related-posts":"","theme-transparent-header-meta":"","adv-header-id-meta":"","stick-header-meta":"","header-above-stick-meta":"","header-main-stick-meta":"","header-below-stick-meta":"","astra-migrate-meta-layouts":"default","ast-page-background-enabled":"default","ast-page-background-meta":{"desktop":{"background-color":"var(--ast-global-color-5)","background-image":"","background-repeat":"repeat","background-position":"center center","background-size":"auto","background-attachment":"scroll","background-type":"","background-media":"","overlay-type":"","overlay-color":"","overlay-opacity":"","overlay-gradient":""},"tablet":{"background-color":"","background-image":"","background-repeat":"repeat","background-position":"center center","background-size":"auto","background-attachment":"scroll","background-type":"","background-media":"","overlay-type":"","overlay-color":"","overlay-opacity":"","overlay-gradient":""},"mobile":{"background-color":"","background-image":"","background-repeat":"repeat","background-position":"center center","background-size":"auto","background-attachment":"scroll","background-type":"","background-media":"","overlay-type":"","overlay-color":"","overlay-opacity":"","overlay-gradient":""}},"ast-content-background-meta":{"desktop":{"background-color":"var(--ast-global-color-4)","background-image":"","background-repeat":"repeat","background-position":"center center","background-size":"auto","background-attachment":"scroll","background-type":"","background-media":"","overlay-type":"","overlay-color":"","overlay-opacity":"","overlay-gradient":""},"tablet":{"background-color":"var(--ast-global-color-4)","background-image":"","background-repeat":"repeat","background-position":"center center","background-size":"auto","background-attachment":"scroll","background-type":"","background-media":"","overlay-type":"","overlay-color":"","overlay-opacity":"","overlay-gradient":""},"mobile":{"background-color":"var(--ast-global-color-4)","background-image":"","background-repeat":"repeat","background-position":"center center","background-size":"auto","background-attachment":"scroll","background-type":"","background-media":"","overlay-type":"","overlay-color":"","overlay-opacity":"","overlay-gradient":""}},"footnotes":""},"class_list":["post-9","page","type-page","status-publish","has-post-thumbnail","hentry"],"_links":{"self":[{"href":"https:\/\/frw-pcdr.be\/houyet\/wp-json\/wp\/v2\/pages\/9","targetHints":{"allow":["GET"]}}],"collection":[{"href":"https:\/\/frw-pcdr.be\/houyet\/wp-json\/wp\/v2\/pages"}],"about":[{"href":"https:\/\/frw-pcdr.be\/houyet\/wp-json\/wp\/v2\/types\/page"}],"author":[{"embeddable":true,"href":"https:\/\/frw-pcdr.be\/houyet\/wp-json\/wp\/v2\/users\/1"}],"replies":[{"embeddable":true,"href":"https:\/\/frw-pcdr.be\/houyet\/wp-json\/wp\/v2\/comments?post=9"}],"version-history":[{"count":37,"href":"https:\/\/frw-pcdr.be\/houyet\/wp-json\/wp\/v2\/pages\/9\/revisions"}],"predecessor-version":[{"id":1241,"href":"https:\/\/frw-pcdr.be\/houyet\/wp-json\/wp\/v2\/pages\/9\/revisions\/1241"}],"wp:featuredmedia":[{"embeddable":true,"href":"https:\/\/frw-pcdr.be\/houyet\/wp-json\/wp\/v2\/media\/1066"}],"wp:attachment":[{"href":"https:\/\/frw-pcdr.be\/houyet\/wp-json\/wp\/v2\/media?parent=9"}],"curies":[{"name":"wp","href":"https:\/\/api.w.org\/{rel}","templated":true}]}}