{"id":7,"date":"2025-10-21T17:15:29","date_gmt":"2025-10-21T15:15:29","guid":{"rendered":"https:\/\/frw-pcdr.be\/onhaye\/?page_id=7"},"modified":"2026-08-19T11:09:22","modified_gmt":"2026-08-19T09:09:22","slug":"le-pcdr","status":"publish","type":"page","link":"https:\/\/frw-pcdr.be\/estaimpuis\/le-pcdr\/","title":{"rendered":"Le PCDR"},"content":{"rendered":"\n<div class=\"wp-block-group alignfull has-background is-layout-constrained wp-container-core-group-is-layout-4cdd3ca4 wp-block-group-is-layout-constrained\" style=\"background:linear-gradient(181deg,rgb(68,85,79) 0%,rgb(111,148,135) 100%);padding-top:3rem;padding-right:3vw;padding-bottom:3rem;padding-left:3vw\">\n<p class=\"has-text-align-center has-ast-global-color-3-color has-text-color has-link-color wp-elements-45d00d735ec45c9efacfab04ef39a5cc wp-block-paragraph\" style=\"margin-top:0;margin-bottom:0.5vw;padding-top:0;padding-right:3vh;padding-bottom:0;padding-left:3vh\"><strong>Le premier PCDR<\/strong> de votre commune a \u00e9t\u00e9 approuv\u00e9 par le Gouvernement wallon le <em>06 juin 2013<\/em>.<\/p>\n\n\n\n<p class=\"has-text-align-center has-ast-global-color-3-color has-text-color has-link-color wp-elements-e5ec518f0d49fc337d45052e8b08a1aa wp-block-paragraph\" style=\"margin-top:0;margin-bottom:0.5vw;padding-top:var(--wp--preset--spacing--30);padding-right:3vh;padding-bottom:var(--wp--preset--spacing--50);padding-left:3vh\">Explorez la rubrique <strong><a href=\"https:\/\/frw-pcdr.be\/estaimpuis\/les-realisations\/\" data-type=\"page\" data-id=\"9\">Les r\u00e9alisations<\/a><\/strong> pour d\u00e9couvrir les projets en cours ou achev\u00e9s, ou consultez le document complet ci-bas.<\/p>\n<\/div>\n\n\n\n<div class=\"wp-block-group alignfull is-layout-constrained wp-container-core-group-is-layout-8fd33934 wp-block-group-is-layout-constrained\" style=\"padding-top:3rem;padding-right:3vw;padding-bottom:0rem;padding-left:3vw\">\n<h1 class=\"wp-block-heading has-text-align-left has-ast-global-color-0-color has-text-color has-link-color wp-elements-575c7e652b582de7fb6ad23e2af95f6a\" style=\"padding-top:0;padding-right:1.5vh;padding-bottom:0;padding-left:1.5vh;font-size:3.5vh;letter-spacing:0px\">LE DOCUMENT<\/h1>\n\n\n\n<div style=\"height:24px\" aria-hidden=\"true\" class=\"wp-block-spacer\"><\/div>\n\n\n\n<p class=\"has-black-color has-text-color has-link-color wp-elements-75bb7dd7636ae34f6422b9f2207a953e wp-block-paragraph\" style=\"padding-right:2vh;padding-left:2vh\">Le Programme Communal de D\u00e9veloppement Rural est un <strong>document <\/strong>divis\u00e9 en <strong>six parties<\/strong>, consultable en cliquant sur les liens ci-dessous :<\/p>\n\n\n\n<p class=\"has-link-color wp-elements-e4c06494152abcb725cee54a674bbc17 wp-block-paragraph\" style=\"padding-top:0;padding-right:2vh;padding-bottom:0;padding-left:2vh\"><a href=\"https:\/\/frw-pcdr.be\/estaimpuis\/wp-content\/uploads\/ER1\/Estaimpuis\/Doc\/PCDR\/Partie_I.pdf\" data-type=\"link\" data-id=\"https:\/\/frw-pcdr.be\/estaimpuis\/wp-content\/uploads\/ER1\/Estaimpuis\/Doc\/PCDR\/Partie_I.pdf\"><mark class=\"has-inline-color has-ast-global-color-1-color\"><strong><em>Partie I<\/em><\/strong>. <\/mark><\/a><mark class=\"has-inline-color has-ast-global-color-6-color\"><a href=\"https:\/\/frw-pcdr.be\/estaimpuis\/wp-content\/uploads\/ER1\/Estaimpuis\/Doc\/PCDR\/Partie_I.pdf\" data-type=\"link\" data-id=\"https:\/\/frw-pcdr.be\/estaimpuis\/wp-content\/uploads\/ER1\/Estaimpuis\/Doc\/PCDR\/Partie_I.pdf\" target=\"_blank\" rel=\"noreferrer noopener\"><strong>Analyse des caract\u00e9ristiques de la Commune<\/strong><\/a><\/mark><\/p>\n\n\n\n<p class=\"has-ast-global-color-8-color has-text-color has-link-color wp-elements-53a3180da425b4eef0745d9a444d5f95 wp-block-paragraph\" style=\"padding-top:0;padding-right:2vh;padding-bottom:0;padding-left:2vh\"><a href=\"https:\/\/frw-pcdr.be\/estaimpuis\/wp-content\/uploads\/ER1\/Estaimpuis\/Doc\/PCDR\/Partie_II.pdf\" data-type=\"link\" data-id=\"https:\/\/frw-pcdr.be\/estaimpuis\/wp-content\/uploads\/ER1\/Estaimpuis\/Doc\/PCDR\/Partie_II.pdf\" target=\"_blank\" rel=\"noreferrer noopener\"><mark class=\"has-inline-color has-ast-global-color-1-color\"><strong><em>Partie II<\/em><\/strong>.<\/mark> <strong>R\u00e9sultats de la consultation de la population<\/strong><\/a><\/p>\n\n\n\n<p class=\"has-ast-global-color-8-color has-text-color has-link-color wp-elements-8944f3c08e17aeb2ef0591329aaa01ec wp-block-paragraph\" style=\"padding-top:0;padding-right:2vh;padding-bottom:0;padding-left:2vh\"><a href=\"https:\/\/frw-pcdr.be\/estaimpuis\/wp-content\/uploads\/ER1\/Estaimpuis\/Doc\/PCDR\/Partie_III.pdf\" data-type=\"link\" data-id=\"https:\/\/frw-pcdr.be\/estaimpuis\/wp-content\/uploads\/ER1\/Estaimpuis\/Doc\/PCDR\/Partie_III.pdf\" target=\"_blank\" rel=\"noreferrer noopener\"><em><strong><mark class=\"has-inline-color has-ast-global-color-1-color\">Partie III<\/mark><\/strong>.<\/em> <strong>Diagnostic partag\u00e9 r\u00e9sultant de la confrontation de la partie 1 et de la partie 2<\/strong> <strong>et Strat\u00e9gie de d\u00e9veloppement sous forme d&rsquo;objectifs sp\u00e9cifiques<\/strong><\/a><\/p>\n\n\n\n<p class=\"has-ast-global-color-8-color has-text-color has-link-color wp-elements-a00222e49f60f924a0726abf50b1d623 wp-block-paragraph\" style=\"padding-top:0;padding-right:2vh;padding-bottom:0;padding-left:2vh\"><a href=\"https:\/\/frw-pcdr.be\/estaimpuis\/wp-content\/uploads\/ER1\/Estaimpuis\/Doc\/PCDR\/Partie_IV.pdf\" data-type=\"link\" data-id=\"https:\/\/frw-pcdr.be\/estaimpuis\/wp-content\/uploads\/ER1\/Estaimpuis\/Doc\/PCDR\/Partie_IV.pdf\" target=\"_blank\" rel=\"noreferrer noopener\"><mark class=\"has-inline-color has-ast-global-color-1-color\"><strong><em>Partie IV<\/em><\/strong>.<\/mark> <strong>&nbsp;Projets visant \u00e0 atteindre les objectifs<\/strong><\/a><\/p>\n\n\n\n<p class=\"has-ast-global-color-8-color has-text-color has-link-color wp-elements-f70b0126df788db36ae62e2ab5bee900 wp-block-paragraph\" style=\"padding-top:0;padding-right:2vh;padding-bottom:0;padding-left:2vh\"><em><a href=\"https:\/\/frw-pcdr.be\/estaimpuis\/wp-content\/uploads\/ER1\/Estaimpuis\/Doc\/PCDR\/Partie_V.pdf\" data-type=\"link\" data-id=\"https:\/\/frw-pcdr.be\/estaimpuis\/wp-content\/uploads\/ER1\/Estaimpuis\/Doc\/PCDR\/Partie_V.pdf\" target=\"_blank\" rel=\"noreferrer noopener\"><mark class=\"has-inline-color has-ast-global-color-1-color\"><strong>Partie V<\/strong>.<\/mark> <\/a><\/em><strong><a href=\"https:\/\/frw-pcdr.be\/estaimpuis\/wp-content\/uploads\/ER1\/Estaimpuis\/Doc\/PCDR\/Partie_V.pdf\" data-type=\"link\" data-id=\"https:\/\/frw-pcdr.be\/estaimpuis\/wp-content\/uploads\/ER1\/Estaimpuis\/Doc\/PCDR\/Partie_V.pdf\" target=\"_blank\" rel=\"noreferrer noopener\">Tableau r\u00e9capitulatif d\u00e9taillant les diff\u00e9rents projets, la planification temporelle, les intervenants financiers et les objectifs poursuivis<\/a><\/strong><\/p>\n\n\n\n<div style=\"height:18px\" aria-hidden=\"true\" class=\"wp-block-spacer\"><\/div>\n\n\n\n<hr class=\"wp-block-separator has-text-color has-ast-global-color-1-color has-alpha-channel-opacity has-ast-global-color-1-background-color has-background is-style-wide\" \/>\n<\/div>\n\n\n\n<div style=\"height:50px\" aria-hidden=\"true\" class=\"wp-block-spacer\"><\/div>\n\n\n\n<div class=\"wp-block-group is-layout-constrained wp-block-group-is-layout-constrained\" style=\"margin-top:0;margin-bottom:0;padding-top:0;padding-bottom:0\">\n<p class=\"has-text-align-center has-ast-global-color-0-color has-text-color has-link-color wp-elements-1bde59dc712fe4b68088b19f1030826f wp-block-paragraph\" style=\"padding-left:2vw\"><strong>Envie d\u2019en savoir plus sur les Op\u00e9rations de D\u00e9veloppement Rural et r\u00f4le de la FRW ? Rendez-vous sur&#8230;<\/strong><\/p>\n\n\n\n<div class=\"wp-block-buttons is-content-justification-center is-layout-flex wp-container-core-buttons-is-layout-3e41869c wp-block-buttons-is-layout-flex\">\n<div class=\"wp-block-button\"><a class=\"wp-block-button__link wp-element-button\" href=\"https:\/\/www.frw.be\/nos-missions\/#ODR\" target=\"_blank\" rel=\"noreferrer noopener\">FRW &#8211; Nos missions<\/a><\/div>\n<\/div>\n<\/div>\n\n\n\n<div style=\"height:50px\" aria-hidden=\"true\" class=\"wp-block-spacer\"><\/div>\n","protected":false},"excerpt":{"rendered":"<p>Le premier PCDR de votre commune a \u00e9t\u00e9 approuv\u00e9 par le Gouvernement wallon le 06 juin 2013. Explorez la rubrique [&hellip;]<\/p>\n","protected":false},"author":1,"featured_media":1084,"parent":0,"menu_order":2,"comment_status":"closed","ping_status":"closed","template":"","meta":{"site-sidebar-layout":"default","site-content-layout":"","ast-site-content-layout":"default","site-content-style":"default","site-sidebar-style":"default","ast-global-header-display":"","ast-banner-title-visibility":"","ast-main-header-display":"","ast-hfb-above-header-display":"","ast-hfb-below-header-display":"","ast-hfb-mobile-header-display":"","site-post-title":"disabled","ast-breadcrumbs-content":"","ast-featured-img":"disabled","footer-sml-layout":"","ast-disable-related-posts":"","theme-transparent-header-meta":"","adv-header-id-meta":"","stick-header-meta":"","header-above-stick-meta":"","header-main-stick-meta":"","header-below-stick-meta":"","astra-migrate-meta-layouts":"default","ast-page-background-enabled":"default","ast-page-background-meta":{"desktop":{"background-color":"var(--ast-global-color-5)","background-image":"","background-repeat":"repeat","background-position":"center center","background-size":"auto","background-attachment":"scroll","background-type":"","background-media":"","overlay-type":"","overlay-color":"","overlay-opacity":"","overlay-gradient":""},"tablet":{"background-color":"","background-image":"","background-repeat":"repeat","background-position":"center center","background-size":"auto","background-attachment":"scroll","background-type":"","background-media":"","overlay-type":"","overlay-color":"","overlay-opacity":"","overlay-gradient":""},"mobile":{"background-color":"","background-image":"","background-repeat":"repeat","background-position":"center center","background-size":"auto","background-attachment":"scroll","background-type":"","background-media":"","overlay-type":"","overlay-color":"","overlay-opacity":"","overlay-gradient":""}},"ast-content-background-meta":{"desktop":{"background-color":"var(--ast-global-color-4)","background-image":"","background-repeat":"repeat","background-position":"center center","background-size":"auto","background-attachment":"scroll","background-type":"","background-media":"","overlay-type":"","overlay-color":"","overlay-opacity":"","overlay-gradient":""},"tablet":{"background-color":"var(--ast-global-color-4)","background-image":"","background-repeat":"repeat","background-position":"center center","background-size":"auto","background-attachment":"scroll","background-type":"","background-media":"","overlay-type":"","overlay-color":"","overlay-opacity":"","overlay-gradient":""},"mobile":{"background-color":"var(--ast-global-color-4)","background-image":"","background-repeat":"repeat","background-position":"center center","background-size":"auto","background-attachment":"scroll","background-type":"","background-media":"","overlay-type":"","overlay-color":"","overlay-opacity":"","overlay-gradient":""}},"footnotes":""},"class_list":["post-7","page","type-page","status-publish","has-post-thumbnail","hentry"],"_links":{"self":[{"href":"https:\/\/frw-pcdr.be\/estaimpuis\/wp-json\/wp\/v2\/pages\/7","targetHints":{"allow":["GET"]}}],"collection":[{"href":"https:\/\/frw-pcdr.be\/estaimpuis\/wp-json\/wp\/v2\/pages"}],"about":[{"href":"https:\/\/frw-pcdr.be\/estaimpuis\/wp-json\/wp\/v2\/types\/page"}],"author":[{"embeddable":true,"href":"https:\/\/frw-pcdr.be\/estaimpuis\/wp-json\/wp\/v2\/users\/1"}],"replies":[{"embeddable":true,"href":"https:\/\/frw-pcdr.be\/estaimpuis\/wp-json\/wp\/v2\/comments?post=7"}],"version-history":[{"count":10,"href":"https:\/\/frw-pcdr.be\/estaimpuis\/wp-json\/wp\/v2\/pages\/7\/revisions"}],"predecessor-version":[{"id":1186,"href":"https:\/\/frw-pcdr.be\/estaimpuis\/wp-json\/wp\/v2\/pages\/7\/revisions\/1186"}],"wp:featuredmedia":[{"embeddable":true,"href":"https:\/\/frw-pcdr.be\/estaimpuis\/wp-json\/wp\/v2\/media\/1084"}],"wp:attachment":[{"href":"https:\/\/frw-pcdr.be\/estaimpuis\/wp-json\/wp\/v2\/media?parent=7"}],"curies":[{"name":"wp","href":"https:\/\/api.w.org\/{rel}","templated":true}]}}

<div class="wp-block-group alignfull has-background is-layout-constrained wp-container-core-group-is-layout-4cdd3ca4 wp-block-group-is-layout-constrained" style="background:linear-gradient(181deg,rgb(68,85,79) 0%,rgb(111,148,135) 100%);padding-top:3rem;padding-right:3vw;padding-bottom:3rem;padding-left:3vw">
<p class="has-text-align-center has-ast-global-color-3-color has-text-color has-link-color wp-elements-45d00d735ec45c9efacfab04ef39a5cc wp-block-paragraph" style="margin-top:0;margin-bottom:0.5vw;padding-top:0;padding-right:3vh;padding-bottom:0;padding-left:3vh"><strong>Le premier PCDR</strong> de votre commune a été approuvé par le Gouvernement wallon le <em>06 juin 2013</em>.</p>



<p class="has-text-align-center has-ast-global-color-3-color has-text-color has-link-color wp-elements-e5ec518f0d49fc337d45052e8b08a1aa wp-block-paragraph" style="margin-top:0;margin-bottom:0.5vw;padding-top:var(--wp--preset--spacing--30);padding-right:3vh;padding-bottom:var(--wp--preset--spacing--50);padding-left:3vh">Explorez la rubrique <strong><a href="https://frw-pcdr.be/estaimpuis/les-realisations/" data-type="page" data-id="9">Les réalisations</a></strong> pour découvrir les projets en cours ou achevés, ou consultez le document complet ci-bas.</p>
</div>



<div class="wp-block-group alignfull is-layout-constrained wp-container-core-group-is-layout-8fd33934 wp-block-group-is-layout-constrained" style="padding-top:3rem;padding-right:3vw;padding-bottom:0rem;padding-left:3vw">
<h1 class="wp-block-heading has-text-align-left has-ast-global-color-0-color has-text-color has-link-color wp-elements-575c7e652b582de7fb6ad23e2af95f6a" style="padding-top:0;padding-right:1.5vh;padding-bottom:0;padding-left:1.5vh;font-size:3.5vh;letter-spacing:0px">LE DOCUMENT</h1>



<div style="height:24px" aria-hidden="true" class="wp-block-spacer"></div>



<p class="has-black-color has-text-color has-link-color wp-elements-75bb7dd7636ae34f6422b9f2207a953e wp-block-paragraph" style="padding-right:2vh;padding-left:2vh">Le Programme Communal de Développement Rural est un <strong>document </strong>divisé en <strong>six parties</strong>, consultable en cliquant sur les liens ci-dessous :</p>



<p class="has-link-color wp-elements-e4c06494152abcb725cee54a674bbc17 wp-block-paragraph" style="padding-top:0;padding-right:2vh;padding-bottom:0;padding-left:2vh"><a href="https://frw-pcdr.be/estaimpuis/wp-content/uploads/ER1/Estaimpuis/Doc/PCDR/Partie_I.pdf" data-type="link" data-id="https://frw-pcdr.be/estaimpuis/wp-content/uploads/ER1/Estaimpuis/Doc/PCDR/Partie_I.pdf"><mark class="has-inline-color has-ast-global-color-1-color"><strong><em>Partie I</em></strong>. </mark></a><mark class="has-inline-color has-ast-global-color-6-color"><a href="https://frw-pcdr.be/estaimpuis/wp-content/uploads/ER1/Estaimpuis/Doc/PCDR/Partie_I.pdf" data-type="link" data-id="https://frw-pcdr.be/estaimpuis/wp-content/uploads/ER1/Estaimpuis/Doc/PCDR/Partie_I.pdf" target="_blank" rel="noreferrer noopener"><strong>Analyse des caractéristiques de la Commune</strong></a></mark></p>



<p class="has-ast-global-color-8-color has-text-color has-link-color wp-elements-53a3180da425b4eef0745d9a444d5f95 wp-block-paragraph" style="padding-top:0;padding-right:2vh;padding-bottom:0;padding-left:2vh"><a href="https://frw-pcdr.be/estaimpuis/wp-content/uploads/ER1/Estaimpuis/Doc/PCDR/Partie_II.pdf" data-type="link" data-id="https://frw-pcdr.be/estaimpuis/wp-content/uploads/ER1/Estaimpuis/Doc/PCDR/Partie_II.pdf" target="_blank" rel="noreferrer noopener"><mark class="has-inline-color has-ast-global-color-1-color"><strong><em>Partie II</em></strong>.</mark> <strong>Résultats de la consultation de la population</strong></a></p>



<p class="has-ast-global-color-8-color has-text-color has-link-color wp-elements-8944f3c08e17aeb2ef0591329aaa01ec wp-block-paragraph" style="padding-top:0;padding-right:2vh;padding-bottom:0;padding-left:2vh"><a href="https://frw-pcdr.be/estaimpuis/wp-content/uploads/ER1/Estaimpuis/Doc/PCDR/Partie_III.pdf" data-type="link" data-id="https://frw-pcdr.be/estaimpuis/wp-content/uploads/ER1/Estaimpuis/Doc/PCDR/Partie_III.pdf" target="_blank" rel="noreferrer noopener"><em><strong><mark class="has-inline-color has-ast-global-color-1-color">Partie III</mark></strong>.</em> <strong>Diagnostic partagé résultant de la confrontation de la partie 1 et de la partie 2</strong> <strong>et Stratégie de développement sous forme d&rsquo;objectifs spécifiques</strong></a></p>



<p class="has-ast-global-color-8-color has-text-color has-link-color wp-elements-a00222e49f60f924a0726abf50b1d623 wp-block-paragraph" style="padding-top:0;padding-right:2vh;padding-bottom:0;padding-left:2vh"><a href="https://frw-pcdr.be/estaimpuis/wp-content/uploads/ER1/Estaimpuis/Doc/PCDR/Partie_IV.pdf" data-type="link" data-id="https://frw-pcdr.be/estaimpuis/wp-content/uploads/ER1/Estaimpuis/Doc/PCDR/Partie_IV.pdf" target="_blank" rel="noreferrer noopener"><mark class="has-inline-color has-ast-global-color-1-color"><strong><em>Partie IV</em></strong>.</mark> <strong>&nbsp;Projets visant à atteindre les objectifs</strong></a></p>



<p class="has-ast-global-color-8-color has-text-color has-link-color wp-elements-f70b0126df788db36ae62e2ab5bee900 wp-block-paragraph" style="padding-top:0;padding-right:2vh;padding-bottom:0;padding-left:2vh"><em><a href="https://frw-pcdr.be/estaimpuis/wp-content/uploads/ER1/Estaimpuis/Doc/PCDR/Partie_V.pdf" data-type="link" data-id="https://frw-pcdr.be/estaimpuis/wp-content/uploads/ER1/Estaimpuis/Doc/PCDR/Partie_V.pdf" target="_blank" rel="noreferrer noopener"><mark class="has-inline-color has-ast-global-color-1-color"><strong>Partie V</strong>.</mark> </a></em><strong><a href="https://frw-pcdr.be/estaimpuis/wp-content/uploads/ER1/Estaimpuis/Doc/PCDR/Partie_V.pdf" data-type="link" data-id="https://frw-pcdr.be/estaimpuis/wp-content/uploads/ER1/Estaimpuis/Doc/PCDR/Partie_V.pdf" target="_blank" rel="noreferrer noopener">Tableau récapitulatif détaillant les différents projets, la planification temporelle, les intervenants financiers et les objectifs poursuivis</a></strong></p>



<div style="height:18px" aria-hidden="true" class="wp-block-spacer"></div>



<hr class="wp-block-separator has-text-color has-ast-global-color-1-color has-alpha-channel-opacity has-ast-global-color-1-background-color has-background is-style-wide" />
</div>



<div style="height:50px" aria-hidden="true" class="wp-block-spacer"></div>



<div class="wp-block-group is-layout-constrained wp-block-group-is-layout-constrained" style="margin-top:0;margin-bottom:0;padding-top:0;padding-bottom:0">
<p class="has-text-align-center has-ast-global-color-0-color has-text-color has-link-color wp-elements-1bde59dc712fe4b68088b19f1030826f wp-block-paragraph" style="padding-left:2vw"><strong>Envie d’en savoir plus sur les Opérations de Développement Rural et rôle de la FRW ? Rendez-vous sur&#8230;</strong></p>



<div class="wp-block-buttons is-content-justification-center is-layout-flex wp-container-core-buttons-is-layout-3e41869c wp-block-buttons-is-layout-flex">
<div class="wp-block-button"><a class="wp-block-button__link wp-element-button" href="https://www.frw.be/nos-missions/#ODR" target="_blank" rel="noreferrer noopener">FRW &#8211; Nos missions</a></div>
</div>
</div>



<div style="height:50px" aria-hidden="true" class="wp-block-spacer"></div>

<p>Le premier PCDR de votre commune a été approuvé par le Gouvernement wallon le 06 juin 2013. Explorez la rubrique [&hellip;]</p>
