{"id":330,"date":"2025-10-29T10:49:31","date_gmt":"2025-10-29T09:49:31","guid":{"rendered":"https:\/\/frw-pcdr.be\/onhaye\/?page_id=330"},"modified":"2026-02-19T12:04:41","modified_gmt":"2026-02-19T11:04:41","slug":"actualites","status":"publish","type":"page","link":"https:\/\/frw-pcdr.be\/court-st-etienne\/actualites\/","title":{"rendered":"Actualit\u00e9s"},"content":{"rendered":"\n<div class=\"wp-block-group alignfull is-layout-constrained wp-container-core-group-is-layout-ce46af0e wp-block-group-is-layout-constrained\" style=\"padding-top:0;padding-right:3vw;padding-bottom:3vw;padding-left:3vw\">\n<h1 class=\"wp-block-heading has-text-align-left has-ast-global-color-0-color has-text-color has-link-color wp-elements-4a5e537b25b355149cbbd5be494b8a72\" style=\"margin-top:3rem;padding-top:0;padding-right:1.5vh;padding-bottom:0;padding-left:1.5vh;font-size:3.5vh;letter-spacing:0px\">ACTUALIT\u00c9S<\/h1>\n\n\n\n<h2 class=\"wp-block-heading has-text-align-left has-ast-global-color-1-color has-text-color has-link-color wp-elements-dbd4d0fac0b27ddf9730ade8dcde6000\" style=\"margin-top:var(--wp--preset--spacing--50);margin-right:0;margin-bottom:0;margin-left:0;padding-top:0;padding-right:2vh;padding-bottom:0;padding-left:2vh\">Les derni\u00e8res infos relatives au PCDR de votre commune<\/h2>\n\n\n\n<p style=\"margin-top:var(--wp--preset--spacing--40);margin-bottom:var(--wp--preset--spacing--40);padding-right:2vh;padding-left:2vh\">Projets en cours, inaugurations, r\u00e9unions&#8230;<\/p>\n<\/div>\n\n\n\n<div class=\"wp-block-group alignfull is-layout-constrained wp-block-group-is-layout-constrained\" style=\"margin-bottom:0;padding-top:0rem;padding-bottom:0rem\">\n<div class=\"wp-block-columns has-background is-layout-flex wp-container-core-columns-is-layout-2097dcb0 wp-block-columns-is-layout-flex\" style=\"border-radius:5px;background:linear-gradient(135deg,rgb(68,85,79) 0%,rgb(111,148,135) 100%);padding-top:var(--wp--preset--spacing--30);padding-right:var(--wp--preset--spacing--30);padding-bottom:var(--wp--preset--spacing--60);padding-left:var(--wp--preset--spacing--30)\">\n<div class=\"wp-block-column is-vertically-aligned-center is-layout-flow wp-block-column-is-layout-flow\" style=\"padding-right:0;padding-left:0\">\n<figure class=\"wp-block-image alignleft size-large\"><img loading=\"lazy\" decoding=\"async\" width=\"1024\" height=\"455\" src=\"http:\/\/frw-pcdr.be\/court-st-etienne\/wp-content\/uploads\/ER2\/Court-St-Etienne\/Img\/sites\/34\/image1-e1770895383537-1024x455.webp\" alt=\"Image compos\u00e9e de deux parties :\n\u00c0 gauche, un plan d\u2019am\u00e9nagement urbain vu du dessus. On y voit une place rectangulaire entour\u00e9e de rues, avec diff\u00e9rents \u00e9l\u00e9ments repr\u00e9sent\u00e9s : zones v\u00e9g\u00e9talis\u00e9es en vert, chemins pi\u00e9tons en pointill\u00e9s, arbres, bancs, points d\u2019eau ou bassins color\u00e9s en bleu, ainsi que des limites et annotations techniques. La zone est bord\u00e9e de b\u00e2timents, parkings et routes.\n\u00c0 droite, une photo d\u2019un chemin rural bord\u00e9 de v\u00e9g\u00e9tation : un sentier de terre s\u00e8che s\u2019\u00e9tire en ligne droite, entour\u00e9 de buissons et d\u2019arbres, avec une cl\u00f4ture m\u00e9tallique \u00e0 droite. Le ciel est bleu avec quelques nuages.\" class=\"wp-image-1144\" srcset=\"https:\/\/frw-pcdr.be\/court-st-etienne\/wp-content\/uploads\/ER2\/Court-St-Etienne\/Img\/sites\/34\/image1-e1770895383537-1024x455.webp 1024w, https:\/\/frw-pcdr.be\/court-st-etienne\/wp-content\/uploads\/ER2\/Court-St-Etienne\/Img\/sites\/34\/image1-e1770895383537-300x133.webp 300w, https:\/\/frw-pcdr.be\/court-st-etienne\/wp-content\/uploads\/ER2\/Court-St-Etienne\/Img\/sites\/34\/image1-e1770895383537-768x342.webp 768w, https:\/\/frw-pcdr.be\/court-st-etienne\/wp-content\/uploads\/ER2\/Court-St-Etienne\/Img\/sites\/34\/image1-e1770895383537-1536x683.webp 1536w, https:\/\/frw-pcdr.be\/court-st-etienne\/wp-content\/uploads\/ER2\/Court-St-Etienne\/Img\/sites\/34\/image1-e1770895383537-2048x911.webp 2048w\" sizes=\"auto, (max-width: 1024px) 100vw, 1024px\" \/><\/figure>\n<\/div>\n\n\n\n<div class=\"wp-block-column is-layout-flow wp-block-column-is-layout-flow\" style=\"padding-left:0\">\n<h2 class=\"wp-block-heading has-ast-global-color-3-color has-text-color has-link-color wp-elements-c7af499450a4c1a9ece9c4f2a3601be8\" style=\"padding-top:var(--wp--preset--spacing--40);padding-right:1.5vh;padding-left:1.5vh\">R\u00e9union de la CLDR<\/h2>\n\n\n\n<h6 class=\"wp-block-heading has-ast-global-color-3-color has-text-color has-link-color wp-elements-54cc18ded6803a91546d8f2afe1fe05f\" style=\"padding-right:1.5vh;padding-left:1.5vh\">25 juin 2025<\/h6>\n\n\n\n<hr class=\"wp-block-separator has-text-color has-ast-global-color-1-color has-alpha-channel-opacity has-ast-global-color-1-background-color has-background is-style-wide\"\/>\n\n\n\n<p class=\"has-ast-global-color-3-color has-text-color has-link-color wp-elements-4a7148bd73b3398d41617892969f01d3\" style=\"padding-right:1.5vh;padding-left:1.5vh\">Lors de cette r\u00e9union, les membres de la CLDR ont travaill\u00e9 sur :<\/p>\n\n\n\n<ul class=\"wp-block-list\">\n<li class=\"has-ast-global-color-3-color has-text-color has-link-color wp-elements-a62bf84bde37270c9fcb805a4ef831e9\">la fiche projet 2.8 du PCDR : \u00ab\u00a0Am\u00e9liorer la convivialit\u00e9 de la Place Baudouin 1er\u00a0\u00bb. Une r\u00e9flexion a \u00e9t\u00e9 lanc\u00e9e sur la d\u00e9finition d&rsquo;un sch\u00e9ma d&rsquo;intention global.  <\/li>\n\n\n\n<li class=\"has-ast-global-color-3-color has-text-color has-link-color wp-elements-34b089db08057fc8ede77ee7c6c00e93\">La fiche projet 2.2 du PCDR : \u00ab\u00a0Am\u00e9nager le sentier 103 entre Faux et Suzeril en faveur des modes actifs et de la biodiversit\u00e9\u00a0\u00bb. La CLDR a approuv\u00e9 le principe de demande de Convention en D\u00e9veloppement rural.   <\/li>\n<\/ul>\n\n\n\n<div class=\"wp-block-buttons is-layout-flex wp-block-buttons-is-layout-flex\" style=\"padding-right:2vh;padding-left:2vh\">\n<div class=\"wp-block-button\"><a class=\"wp-block-button__link wp-element-button\" href=\"https:\/\/frw-pcdr.be\/court-st-etienne\/comment-participer\/\">Pr\u00e9sentation et PV complet de la r\u00e9union<\/a><\/div>\n<\/div>\n<\/div>\n<\/div>\n<\/div>\n\n\n\n<div style=\"height:40px\" aria-hidden=\"true\" class=\"wp-block-spacer\"><\/div>\n\n\n\n<div class=\"wp-block-group alignfull is-layout-constrained wp-block-group-is-layout-constrained\" style=\"margin-bottom:0;padding-top:0rem;padding-bottom:0rem\">\n<div class=\"wp-block-columns has-background is-layout-flex wp-container-core-columns-is-layout-2097dcb0 wp-block-columns-is-layout-flex\" style=\"border-radius:5px;background:linear-gradient(135deg,rgb(68,85,79) 0%,rgb(111,148,135) 100%);padding-top:var(--wp--preset--spacing--30);padding-right:var(--wp--preset--spacing--30);padding-bottom:var(--wp--preset--spacing--60);padding-left:var(--wp--preset--spacing--30)\">\n<div class=\"wp-block-column is-vertically-aligned-center is-layout-flow wp-block-column-is-layout-flow\" style=\"padding-right:0;padding-left:0\">\n<figure class=\"wp-block-image alignleft size-large\"><img loading=\"lazy\" decoding=\"async\" width=\"1024\" height=\"343\" src=\"http:\/\/frw-pcdr.be\/court-st-etienne\/wp-content\/uploads\/ER2\/Court-St-Etienne\/Img\/sites\/34\/image-actu-1-e1770904038136-1024x343.webp\" alt=\"Image compos\u00e9e de deux parties :\n\u00c0 gauche, une vue 3D d\u2019un espace public am\u00e9nag\u00e9 avec pelouses, arbres, all\u00e9es pav\u00e9es, zones de jeux pour enfants et quelques personnes se promenant ou courant. Une voiture bleue est stationn\u00e9e au bord de l\u2019am\u00e9nagement. L\u2019ensemble pr\u00e9sente un environnement vert et convivial.\n\u00c0 droite, un visuel de communication avec le texte \u00ab\u202fBudget participatif \u2013 \u00c9dition 2025\u202f\u00bb accompagn\u00e9 d\u2019ic\u00f4nes et d\u2019un dessin d\u2019ampoule tenue par une main. En dessous, le slogan \u00ab\u202fR\u00e9alisons vos id\u00e9es !\u202f\u00bb appara\u00eet en lettres rose et bleu.\" class=\"wp-image-1150\" srcset=\"https:\/\/frw-pcdr.be\/court-st-etienne\/wp-content\/uploads\/ER2\/Court-St-Etienne\/Img\/sites\/34\/image-actu-1-e1770904038136-1024x343.webp 1024w, https:\/\/frw-pcdr.be\/court-st-etienne\/wp-content\/uploads\/ER2\/Court-St-Etienne\/Img\/sites\/34\/image-actu-1-e1770904038136-300x101.webp 300w, https:\/\/frw-pcdr.be\/court-st-etienne\/wp-content\/uploads\/ER2\/Court-St-Etienne\/Img\/sites\/34\/image-actu-1-e1770904038136-768x257.webp 768w, https:\/\/frw-pcdr.be\/court-st-etienne\/wp-content\/uploads\/ER2\/Court-St-Etienne\/Img\/sites\/34\/image-actu-1-e1770904038136-1536x515.webp 1536w, https:\/\/frw-pcdr.be\/court-st-etienne\/wp-content\/uploads\/ER2\/Court-St-Etienne\/Img\/sites\/34\/image-actu-1-e1770904038136.webp 1910w\" sizes=\"auto, (max-width: 1024px) 100vw, 1024px\" \/><\/figure>\n<\/div>\n\n\n\n<div class=\"wp-block-column is-layout-flow wp-block-column-is-layout-flow\" style=\"padding-left:0\">\n<h2 class=\"wp-block-heading has-ast-global-color-3-color has-text-color has-link-color wp-elements-c7af499450a4c1a9ece9c4f2a3601be8\" style=\"padding-top:var(--wp--preset--spacing--40);padding-right:1.5vh;padding-left:1.5vh\">R\u00e9union de la CLDR<\/h2>\n\n\n\n<h6 class=\"wp-block-heading has-ast-global-color-3-color has-text-color has-link-color wp-elements-4f2bdc9cf0b5d9aa76ee324a7465aa49\" style=\"padding-right:1.5vh;padding-left:1.5vh\">24 avril 2025<\/h6>\n\n\n\n<hr class=\"wp-block-separator has-text-color has-ast-global-color-1-color has-alpha-channel-opacity has-ast-global-color-1-background-color has-background is-style-wide\"\/>\n\n\n\n<p class=\"has-ast-global-color-3-color has-text-color has-link-color wp-elements-f85a9f1d2c913cf223ad689045ad96eb\" style=\"padding-right:1.5vh;padding-left:1.5vh\">Lors de cette r\u00e9union, les membres de la CLDR se sont rendus sur la place de Beaurieux afin de r\u00e9aliser une visite du lieu avec l&rsquo;Auteur C\u00b2Project dans le cadre de la fiche projet 1.8 du PCDR : \u00ab\u00a0Am\u00e9nager une place de village \u00e0 Beaurieux\u00a0\u00bb. L&rsquo;Auteur leur a ensuite pr\u00e9sent\u00e9 l&rsquo;avant-projet sur lequel la CLDR a pu remettre un avis. <\/p>\n\n\n\n<p class=\"has-ast-global-color-3-color has-text-color has-link-color wp-elements-5bb5db381a33a85084fd62cb4a0df2d6\" style=\"padding-right:1.5vh;padding-left:1.5vh\">La seconde partie de la r\u00e9union \u00e9tait consacr\u00e9e au lancement de l&rsquo;appel \u00e0 projet \u00ab\u00a0budget participatif 2025\u00a0\u00bb (explications, retour sur l&rsquo;\u00e9dition de 2024 et calendrier).    <\/p>\n\n\n\n<div class=\"wp-block-buttons is-layout-flex wp-block-buttons-is-layout-flex\" style=\"padding-right:2vh;padding-left:2vh\">\n<div class=\"wp-block-button\"><a class=\"wp-block-button__link wp-element-button\" href=\"https:\/\/frw-pcdr.be\/court-st-etienne\/comment-participer\/\">Pr\u00e9sentation et PV complet de la r\u00e9union<\/a><\/div>\n<\/div>\n<\/div>\n<\/div>\n<\/div>\n\n\n\n<div style=\"height:40px\" aria-hidden=\"true\" class=\"wp-block-spacer\"><\/div>\n\n\n\n<div class=\"wp-block-group alignfull is-layout-constrained wp-block-group-is-layout-constrained\" style=\"margin-bottom:0;padding-top:0rem;padding-bottom:0rem\">\n<div class=\"wp-block-columns has-background is-layout-flex wp-container-core-columns-is-layout-2097dcb0 wp-block-columns-is-layout-flex\" style=\"border-radius:5px;background:linear-gradient(135deg,rgb(68,85,79) 0%,rgb(111,148,135) 100%);padding-top:var(--wp--preset--spacing--30);padding-right:var(--wp--preset--spacing--30);padding-bottom:var(--wp--preset--spacing--60);padding-left:var(--wp--preset--spacing--30)\">\n<div class=\"wp-block-column is-vertically-aligned-center is-layout-flow wp-block-column-is-layout-flow\" style=\"padding-right:0;padding-left:0\">\n<figure class=\"wp-block-image alignleft size-large\"><img loading=\"lazy\" decoding=\"async\" width=\"1024\" height=\"437\" src=\"http:\/\/frw-pcdr.be\/court-st-etienne\/wp-content\/uploads\/ER2\/Court-St-Etienne\/Img\/sites\/34\/IMG_1852-e1770905409526-1024x437.webp\" alt=\"Photo des membres de la Commission Locale de D\u00e9veloppement Rural de Court-Saint-Etienne\" class=\"wp-image-1159\" srcset=\"https:\/\/frw-pcdr.be\/court-st-etienne\/wp-content\/uploads\/ER2\/Court-St-Etienne\/Img\/sites\/34\/IMG_1852-e1770905409526-1024x437.webp 1024w, https:\/\/frw-pcdr.be\/court-st-etienne\/wp-content\/uploads\/ER2\/Court-St-Etienne\/Img\/sites\/34\/IMG_1852-e1770905409526-300x128.webp 300w, https:\/\/frw-pcdr.be\/court-st-etienne\/wp-content\/uploads\/ER2\/Court-St-Etienne\/Img\/sites\/34\/IMG_1852-e1770905409526-768x327.webp 768w, https:\/\/frw-pcdr.be\/court-st-etienne\/wp-content\/uploads\/ER2\/Court-St-Etienne\/Img\/sites\/34\/IMG_1852-e1770905409526.webp 1250w\" sizes=\"auto, (max-width: 1024px) 100vw, 1024px\" \/><\/figure>\n<\/div>\n\n\n\n<div class=\"wp-block-column is-layout-flow wp-block-column-is-layout-flow\" style=\"padding-left:0\">\n<h2 class=\"wp-block-heading has-ast-global-color-3-color has-text-color has-link-color wp-elements-c7af499450a4c1a9ece9c4f2a3601be8\" style=\"padding-top:var(--wp--preset--spacing--40);padding-right:1.5vh;padding-left:1.5vh\">R\u00e9union de la CLDR<\/h2>\n\n\n\n<h6 class=\"wp-block-heading has-ast-global-color-3-color has-text-color has-link-color wp-elements-d9164b28f68f997e618ca315d0f52e03\" style=\"padding-right:1.5vh;padding-left:1.5vh\">13 f\u00e9vrier 2025<\/h6>\n\n\n\n<hr class=\"wp-block-separator has-text-color has-ast-global-color-1-color has-alpha-channel-opacity has-ast-global-color-1-background-color has-background is-style-wide\"\/>\n\n\n\n<p class=\"has-ast-global-color-3-color has-text-color has-link-color wp-elements-d972d83656a2595b5a1276fada960238\" style=\"padding-right:1.5vh;padding-left:1.5vh\">La Commission Locale de D\u00e9veloppement Rural s&rsquo;est r\u00e9unie en ce mois de f\u00e9vrier 2025 afin de faire un point sur l&rsquo;\u00e9tat de la composition de la CLDR et sur les candidatures. La CLDR a ensuite pu remettre un avis sur le rapport annuel 2024 qui leur a \u00e9t\u00e9 pr\u00e9sent\u00e9. Enfin, les membres ont \u00e9galement remis un avis sur la programmation des conventions pr\u00e9vues pour les 3 prochaines ann\u00e9es. <\/p>\n\n\n\n<div class=\"wp-block-buttons is-layout-flex wp-block-buttons-is-layout-flex\" style=\"padding-right:2vh;padding-left:2vh\">\n<div class=\"wp-block-button\"><a class=\"wp-block-button__link wp-element-button\" href=\"https:\/\/frw-pcdr.be\/court-st-etienne\/comment-participer\/\">Pr\u00e9sentation et PV complet de la r\u00e9union <\/a><\/div>\n<\/div>\n<\/div>\n<\/div>\n<\/div>\n\n\n\n<div style=\"height:40px\" aria-hidden=\"true\" class=\"wp-block-spacer\"><\/div>\n\n\n\n<div style=\"height:40px\" aria-hidden=\"true\" class=\"wp-block-spacer\"><\/div>\n\n\n\n<p><\/p>\n","protected":false},"excerpt":{"rendered":"<p>ACTUALIT\u00c9S Les derni\u00e8res infos relatives au PCDR de votre commune Projets en cours, inaugurations, r\u00e9unions&#8230; R\u00e9union de la CLDR 25 [&hellip;]<\/p>\n","protected":false},"author":1,"featured_media":1063,"parent":0,"menu_order":1,"comment_status":"closed","ping_status":"closed","template":"","meta":{"site-sidebar-layout":"default","site-content-layout":"","ast-site-content-layout":"default","site-content-style":"default","site-sidebar-style":"default","ast-global-header-display":"","ast-banner-title-visibility":"","ast-main-header-display":"","ast-hfb-above-header-display":"","ast-hfb-below-header-display":"","ast-hfb-mobile-header-display":"","site-post-title":"disabled","ast-breadcrumbs-content":"","ast-featured-img":"disabled","footer-sml-layout":"","ast-disable-related-posts":"","theme-transparent-header-meta":"","adv-header-id-meta":"","stick-header-meta":"","header-above-stick-meta":"","header-main-stick-meta":"","header-below-stick-meta":"","astra-migrate-meta-layouts":"default","ast-page-background-enabled":"default","ast-page-background-meta":{"desktop":{"background-color":"var(--ast-global-color-5)","background-image":"","background-repeat":"repeat","background-position":"center center","background-size":"auto","background-attachment":"scroll","background-type":"","background-media":"","overlay-type":"","overlay-color":"","overlay-opacity":"","overlay-gradient":""},"tablet":{"background-color":"","background-image":"","background-repeat":"repeat","background-position":"center center","background-size":"auto","background-attachment":"scroll","background-type":"","background-media":"","overlay-type":"","overlay-color":"","overlay-opacity":"","overlay-gradient":""},"mobile":{"background-color":"","background-image":"","background-repeat":"repeat","background-position":"center center","background-size":"auto","background-attachment":"scroll","background-type":"","background-media":"","overlay-type":"","overlay-color":"","overlay-opacity":"","overlay-gradient":""}},"ast-content-background-meta":{"desktop":{"background-color":"var(--ast-global-color-4)","background-image":"","background-repeat":"repeat","background-position":"center center","background-size":"auto","background-attachment":"scroll","background-type":"","background-media":"","overlay-type":"","overlay-color":"","overlay-opacity":"","overlay-gradient":""},"tablet":{"background-color":"var(--ast-global-color-4)","background-image":"","background-repeat":"repeat","background-position":"center center","background-size":"auto","background-attachment":"scroll","background-type":"","background-media":"","overlay-type":"","overlay-color":"","overlay-opacity":"","overlay-gradient":""},"mobile":{"background-color":"var(--ast-global-color-4)","background-image":"","background-repeat":"repeat","background-position":"center center","background-size":"auto","background-attachment":"scroll","background-type":"","background-media":"","overlay-type":"","overlay-color":"","overlay-opacity":"","overlay-gradient":""}},"footnotes":""},"class_list":["post-330","page","type-page","status-publish","has-post-thumbnail","hentry"],"_links":{"self":[{"href":"https:\/\/frw-pcdr.be\/court-st-etienne\/wp-json\/wp\/v2\/pages\/330","targetHints":{"allow":["GET"]}}],"collection":[{"href":"https:\/\/frw-pcdr.be\/court-st-etienne\/wp-json\/wp\/v2\/pages"}],"about":[{"href":"https:\/\/frw-pcdr.be\/court-st-etienne\/wp-json\/wp\/v2\/types\/page"}],"author":[{"embeddable":true,"href":"https:\/\/frw-pcdr.be\/court-st-etienne\/wp-json\/wp\/v2\/users\/1"}],"replies":[{"embeddable":true,"href":"https:\/\/frw-pcdr.be\/court-st-etienne\/wp-json\/wp\/v2\/comments?post=330"}],"version-history":[{"count":20,"href":"https:\/\/frw-pcdr.be\/court-st-etienne\/wp-json\/wp\/v2\/pages\/330\/revisions"}],"predecessor-version":[{"id":1184,"href":"https:\/\/frw-pcdr.be\/court-st-etienne\/wp-json\/wp\/v2\/pages\/330\/revisions\/1184"}],"wp:featuredmedia":[{"embeddable":true,"href":"https:\/\/frw-pcdr.be\/court-st-etienne\/wp-json\/wp\/v2\/media\/1063"}],"wp:attachment":[{"href":"https:\/\/frw-pcdr.be\/court-st-etienne\/wp-json\/wp\/v2\/media?parent=330"}],"curies":[{"name":"wp","href":"https:\/\/api.w.org\/{rel}","templated":true}]}}