{"id":11,"date":"2025-10-21T17:17:01","date_gmt":"2025-10-21T15:17:01","guid":{"rendered":"https:\/\/frw-pcdr.be\/onhaye\/?page_id=11"},"modified":"2026-02-06T14:06:22","modified_gmt":"2026-02-06T13:06:22","slug":"comment-participer","status":"publish","type":"page","link":"https:\/\/frw-pcdr.be\/chievres\/comment-participer\/","title":{"rendered":"Comment participer ?"},"content":{"rendered":"\n<div class=\"wp-block-group alignfull has-background is-layout-constrained wp-container-core-group-is-layout-2387dfed wp-block-group-is-layout-constrained\" style=\"background:linear-gradient(135deg,rgb(68,85,79) 1%,rgb(111,148,135) 100%);padding-top:3rem;padding-right:3vw;padding-bottom:3rem;padding-left:3vw\">\n<h2 class=\"wp-block-heading has-text-align-center has-ast-global-color-1-color has-text-color has-link-color wp-elements-d57925ab9b21d3091d1682f4201f01d2\" style=\"margin-bottom:0;font-size:1.5rem\">Le processus d\u2019ODR<strong> <\/strong>repose sur<strong> <\/strong>une <strong>participation <\/strong><br>citoyenne <strong>active <\/strong>et <strong>continue<\/strong>.<\/h2>\n\n\n\n<p class=\"has-text-align-center has-ast-global-color-3-color has-text-color has-link-color wp-elements-888dbb3b9dfce808acd12e4024b4515e\" style=\"padding-top:0.5rem;padding-right:4vh;padding-bottom:0rem;padding-left:4vh\">Que ce soit au travers de la Commission Locale de D\u00e9veloppement Rural (CLDR), des r\u00e9unions citoyennes, <br>des groupes de travail, de consultations en ligne, de rencontres de publics-cibles&#8230;<\/p>\n<\/div>\n\n\n\n<div class=\"wp-block-group alignfull has-white-background-color has-background is-layout-constrained wp-container-core-group-is-layout-31881a4c wp-block-group-is-layout-constrained\" style=\"padding-top:3rem;padding-right:3vw;padding-bottom:3rem;padding-left:3vw\">\n<h2 class=\"wp-block-heading has-ast-global-color-2-color has-text-color has-link-color wp-elements-05c3754030af3a63517cb964c75c2296\" style=\"margin-right:1.5vh;margin-left:1.5vh\">Les informations-consultations<\/h2>\n\n\n\n<div style=\"height:20px\" aria-hidden=\"true\" class=\"wp-block-spacer\"><\/div>\n\n\n\n<p class=\"has-ast-global-color-6-color has-text-color has-link-color wp-elements-a260735c71084b6534ecff34201cfc12\" style=\"padding-right:2vh;padding-left:2vh\">Les agents de d\u00e9veloppement de la FRW organisent des r\u00e9unions d\u2019information et de consultation dans les villages afin de pr\u00e9senter la d\u00e9marche et le diagnostic du territoire, pour ensuite recueillir les premi\u00e8res attentes de la population.<br><br>\u00c0 l\u2019issue de ces r\u00e9unions, est mise en place la <strong>Commission Locale de D\u00e9veloppement Rural<\/strong> (CLDR).<\/p>\n\n\n\n<hr class=\"wp-block-separator has-text-color has-ast-global-color-1-color has-alpha-channel-opacity has-ast-global-color-1-background-color has-background is-style-wide\" \/>\n\n\n\n<h2 class=\"wp-block-heading has-ast-global-color-2-color has-text-color has-link-color wp-elements-e021cfd2c8e61548b66c8926c48c0bcb\" style=\"margin-right:1.5vh;margin-left:1.5vh\">La CLDR<\/h2>\n\n\n\n<div style=\"height:20px\" aria-hidden=\"true\" class=\"wp-block-spacer\"><\/div>\n\n\n\n<h3 class=\"wp-block-heading has-ast-global-color-1-color has-text-color has-link-color wp-elements-46647ba021d57eb062214340a4bee07b\" style=\"padding-bottom:0.5rem;padding-left:2vh\">Un espace d&rsquo;expression citoyenne<\/h3>\n\n\n\n<p class=\"has-ast-global-color-6-color has-text-color has-link-color wp-elements-8bd6ff77114759875cb9500e102cee84\" style=\"padding-right:2vh;padding-left:2vh\">Organe consultatif, la CLDR est le lieu de l\u2019expression citoyenne et du d\u00e9bat d\u00e9mocratique.<\/p>\n\n\n\n<p class=\"has-ast-global-color-6-color has-text-color has-link-color wp-elements-f879473da2e9961d5aafb87692800ebb\" style=\"padding-right:2vh;padding-left:2vh\">Sa composition refl\u00e8te la diversit\u00e9 de la population et veille \u00e0 une repr\u00e9sentativit\u00e9 \u00e9quilibr\u00e9e selon diff\u00e9rents crit\u00e8res (\u00e2ge, caract\u00e9ristiques socio-\u00e9conomiques, r\u00e9partition g\u00e9ographique sur le territoire, etc.) <\/p>\n\n\n\n<p class=\"has-ast-global-color-6-color has-text-color has-link-color wp-elements-4e1205d63f7aad86eb04b308e059ae05\" style=\"padding-right:2vh;padding-left:2vh\">Constitu\u00e9e pour toute la dur\u00e9e de l\u2019Op\u00e9ration de D\u00e9veloppement Rural et compos\u00e9e de trois quarts d\u2019habitants volontaires et d&rsquo;un quart d\u2019\u00e9lus locaux d\u00e9sign\u00e9s par le Conseil communal. Ses membres se r\u00e9unissent \u00e0 intervalles r\u00e9guliers.<\/p>\n\n\n\n<h3 class=\"wp-block-heading has-ast-global-color-1-color has-text-color has-link-color wp-elements-d28586de1429dd1c2f723b471cea9ed4\" style=\"padding-bottom:0.5rem;padding-left:2vh\">Un vecteur d&rsquo;information et de concertation <\/h3>\n\n\n\n<p class=\"has-ast-global-color-6-color has-text-color has-link-color wp-elements-86be9713c0e6e87c74dcba5a858b8885\" style=\"padding-right:2vh;padding-left:2vh\">La CLDR joue un r\u00f4le de <strong>relais entre la population et la commune<\/strong>. Elle agit comme une commission d\u2019avis, mais peut aussi s\u2019exprimer d\u2019initiative. Les d\u00e9cisions finales du ressort du Conseil communal. <\/p>\n\n\n\n<p class=\"has-ast-global-color-6-color has-text-color has-link-color wp-elements-2ccf133bfae1c32ad43e73b9856654de\" style=\"padding-right:2vh;padding-left:2vh\">Ce r\u00f4le de m\u00e9diation est essentiel \u00e0 la dynamique participative : d\u2019une part, il permet d\u2019enrichir les d\u00e9bats gr\u00e2ce aux contributions citoyennes ; d\u2019autre part, il assure le retour d\u2019information vers la population sur l\u2019\u00e9tat d\u2019avancement des projets et les d\u00e9cisions prises.<\/p>\n\n\n\n<h3 class=\"wp-block-heading has-ast-global-color-1-color has-text-color has-link-color wp-elements-8229817b2297d0cec1066a00e0d46647\" style=\"padding-bottom:0.5rem;padding-left:2vh\">Un lieu de construction d&rsquo;avis collectifs <\/h3>\n\n\n\n<p class=\"has-ast-global-color-6-color has-text-color has-link-color wp-elements-8da9203858ce8e7c0dae8f2ce4b3180a\" style=\"padding-right:2vh;padding-left:2vh\">Les id\u00e9es et propositions exprim\u00e9es par les membres sont d\u00e9battues en assembl\u00e9e afin de d\u00e9gager une position commune, au service de l\u2019int\u00e9r\u00eat collectif.<br>Pendant l\u2019\u00e9laboration du Programme communal de d\u00e9veloppement rural (PCDR), la CLDR intervient \u00e0 chaque \u00e9tape : analyse du diagnostic, r\u00e9flexion th\u00e9matique, d\u00e9finition des objectifs et s\u00e9lection des projets. Elle approuve ensuite l\u2019avant-projet de PCDR, soumis par la suite au vote du Conseil communal.<\/p>\n\n\n\n<h3 class=\"wp-block-heading has-ast-global-color-1-color has-text-color has-link-color wp-elements-9336f10e50fcf19fdab60b415d62b4f6\" style=\"padding-bottom:0.5rem;padding-left:2vh\">Un espace de suivi des projets du PCDR.<\/h3>\n\n\n\n<p class=\"has-ast-global-color-6-color has-text-color has-link-color wp-elements-4c2e636b061cecc4bf7907e548b64c9f\" style=\"padding-right:2vh;padding-left:2vh\">Une fois le PCDR approuv\u00e9 par le Gouvernement wallon, les membres de la CLDR assurent le suivi des projets en veillant aux objectifs de la strat\u00e9gie \u00e0 atteindre.<br>Ils contribuent \u00e0 la mise en \u0153uvre des projets.<\/p>\n\n\n\n<div class=\"wp-block-group alignwide has-background is-layout-constrained wp-container-core-group-is-layout-0a6b4340 wp-block-group-is-layout-constrained\" style=\"background-color:#43544e0f;margin-top:2vw;margin-bottom:2vw;padding-top:2vw;padding-right:2vh;padding-bottom:2vw;padding-left:2vh\">\n<h3 class=\"wp-block-heading\" style=\"margin-top:0.5rem;margin-bottom:0.5rem;padding-top:0;padding-right:0px;padding-bottom:0;padding-left:0px\">Composition de la CLDR (Conseil communal du 24\/09\/25)<\/h3>\n\n\n\n<h2 class=\"wp-block-heading has-ast-global-color-8-color has-text-color has-link-color has-medium-font-size wp-elements-20edf065eb291685e0422e19da509cf0\">Pour le conseil communal<\/h2>\n\n\n\n<p class=\"has-ast-global-color-8-color has-text-color has-link-color wp-elements-413ddd53c291808787c3fc2f7aed9c68\" style=\"padding-top:0;padding-bottom:0\"> BETTE R\u00e9my &#8211; GOSSUIN Eglantine &#8211; HENNEMANNE Jo\u00eblle &#8211; MAHIEU Anabelle &#8211; VANDENBROECK Eric &#8211; VANDENNEUCKER L\u00e9a<\/p>\n\n\n\n<h2 class=\"wp-block-heading has-ast-global-color-8-color has-text-color has-link-color has-medium-font-size wp-elements-96a5e78cebf33ec6e56d67e2316ac1ba\">Pour les villages<\/h2>\n\n\n\n<ul class=\"wp-block-list\">\n<li><strong>Chi\u00e8vres<\/strong> : CARELS Didier &#8211;  FLAMME Mathieu &#8211; BORREY Jacques &#8211; DUTRANOIT Emeric &#8211; LACH Jean-Jacques &#8211; WONGANOMBE OKAKO Ella <\/li>\n\n\n\n<li><strong>Grosage<\/strong> : DEMARBAIX Anthony &#8211; LACH Emeline<\/li>\n\n\n\n<li><strong>Huissignies<\/strong> : DELCOIGNE H\u00e9l\u00e8ne &#8211; VAN DIJEN Frans  &#8211; BRACQUEGNIES Florence &#8211; DENEYER Lucette &#8211; LEBAILLY Didier &#8211; MAHY Rachel <\/li>\n\n\n\n<li><strong>Ladeuze<\/strong> : LETEUL Emilie &#8211; DEMAREZ Marie-Christel<\/li>\n\n\n\n<li><strong>Tongre-Notre-Dame<\/strong> : DE RO Fabien &#8211; MARTIN Nicolas<\/li>\n\n\n\n<li><strong>Tongre-Saint-Martin<\/strong> : WINIECKI Micha\u00ebl <\/li>\n\n\n\n<li><strong>Vaudignies<\/strong> : WAWRZYNIAK Eric &#8211; PATIN Cynthia &#8211; CAVALIERE Romano<\/li>\n<\/ul>\n\n\n\n<h3 class=\"wp-block-heading\" style=\"margin-top:0rem;margin-right:0;margin-bottom:0rem;margin-left:0;padding-right:0px;padding-left:0px\">Documents<\/h3>\n\n\n\n<h4 class=\"wp-block-heading\" style=\"margin-top:0.75rem;margin-bottom:0.25rem\">Rapport annuel<\/h4>\n\n\n\n<ul class=\"wp-block-list\">\n<li>Rapport annuel 2024 (\u00e0 venir)<\/li>\n\n\n\n<li class=\"has-ast-global-color-8-color has-text-color has-link-color wp-elements-96d34d19bc959939212d0ff9d3d59f3e\">Rapport annuel 2023 (<a href=\"https:\/\/frw-pcdr.be\/chievres\/wp-content\/uploads\/ER1\/Chievres\/Doc\/Participez\/ODR_Chievres_RA2023_Annexe_125.xlsx\" data-type=\"link\" data-id=\"https:\/\/frw-pcdr.be\/chievres\/wp-content\/uploads\/ER1\/Chievres\/Doc\/Participez\/ODR_Chievres_RA2023_Annexe_125.xlsx\" target=\"_blank\" rel=\"noreferrer noopener\">Partie 1-2-5<\/a> et <a href=\"https:\/\/frw-pcdr.be\/chievres\/wp-content\/uploads\/ER1\/Chievres\/Doc\/Participez\/ODR_Chievres_RA2023_Annexe_34.pdf\" data-type=\"link\" data-id=\"https:\/\/frw-pcdr.be\/chievres\/wp-content\/uploads\/ER1\/Chievres\/Doc\/Participez\/ODR_Chievres_RA2023_Annexe_34.pdf\" target=\"_blank\" rel=\"noreferrer noopener\">Partie 3-4<\/a>)<\/li>\n\n\n\n<li class=\"has-ast-global-color-8-color has-text-color has-link-color wp-elements-044ee61b3b8abe6109bb4bd5631c9016\">Rapport annuel 2022 (<a href=\"https:\/\/frw-pcdr.be\/chievres\/wp-content\/uploads\/ER1\/Chievres\/Doc\/Participez\/ODR_Chievres_RA2022_Annexe_1.xlsx\" data-type=\"link\" data-id=\"https:\/\/frw-pcdr.be\/chievres\/wp-content\/uploads\/ER1\/Chievres\/Doc\/Participez\/ODR_Chievres_RA2022_Annexe_1.xlsx\" target=\"_blank\" rel=\"noreferrer noopener\">Partie 1<\/a> et <a href=\"https:\/\/frw-pcdr.be\/chievres\/wp-content\/uploads\/ER1\/Chievres\/Doc\/Participez\/ODR_Chievres_RA2022_Annexe_2a5.pdf\" data-type=\"link\" data-id=\"https:\/\/frw-pcdr.be\/chievres\/wp-content\/uploads\/ER1\/Chievres\/Doc\/Participez\/ODR_Chievres_RA2022_Annexe_2a5.pdf\" target=\"_blank\" rel=\"noreferrer noopener\">Partie 2 \u00e0 5)<\/a><\/li>\n\n\n\n<li class=\"has-ast-global-color-8-color has-text-color has-link-color wp-elements-9c046c0db0823f53dcd52f3e0cccf52e\">Rapport annuel 2021 (<a href=\"https:\/\/frw-pcdr.be\/chievres\/wp-content\/uploads\/ER1\/Chievres\/Doc\/Participez\/ODR_Chievres_RA2021.pdf\" target=\"_blank\" rel=\"noreferrer noopener\">complet<\/a>)<\/li>\n\n\n\n<li class=\"has-ast-global-color-8-color has-text-color has-link-color wp-elements-97d9fba7e9806d7dc3140b38c111fb3e\">Rapport annuel 2020 (<a href=\"https:\/\/frw-pcdr.be\/chievres\/wp-content\/uploads\/ER1\/Chievres\/Doc\/Participez\/ODR_Chievres_RA2020.pdf\" data-type=\"link\" data-id=\"https:\/\/frw-pcdr.be\/chievres\/wp-content\/uploads\/ER1\/Chievres\/Doc\/Participez\/ODR_Chievres_RA2020.pdf\" target=\"_blank\" rel=\"noreferrer noopener\">complet<\/a>)<\/li>\n<\/ul>\n\n\n\n<h4 class=\"wp-block-heading\" style=\"margin-top:0.75rem;margin-bottom:0.25rem\">PV<\/h4>\n\n\n\n<ul class=\"wp-block-list\">\n<li>PV 03\/12\/25 (\u00e0 venir)<\/li>\n\n\n\n<li class=\"has-ast-global-color-8-color has-text-color has-link-color wp-elements-ed8a4f80a2bfb3572c2e8ff9ba7451de\"><a href=\"https:\/\/frw-pcdr.be\/chievres\/wp-content\/uploads\/ER1\/Chievres\/Doc\/Participez\/2024_03_07_CR_CLDR_Chievres.pdf\" data-type=\"link\" data-id=\"https:\/\/frw-pcdr.be\/chievres\/wp-content\/uploads\/ER1\/Chievres\/Doc\/Participez\/2024_03_07_CR_CLDR_Chievres.pdf\" target=\"_blank\" rel=\"noreferrer noopener\">PV 07\/03\/24<\/a><\/li>\n<\/ul>\n<\/div>\n\n\n\n<hr class=\"wp-block-separator has-text-color has-ast-global-color-1-color has-alpha-channel-opacity has-ast-global-color-1-background-color has-background is-style-wide\" \/>\n\n\n\n<h2 class=\"wp-block-heading has-ast-global-color-2-color has-text-color has-link-color wp-elements-0ccdc91a76e250fb31a3b29ec0ef4755\" style=\"margin-right:1.5vh;margin-left:1.5vh\">Les Groupes de Travail (GT) <\/h2>\n\n\n\n<div style=\"height:20px\" aria-hidden=\"true\" class=\"wp-block-spacer\"><\/div>\n\n\n\n<p class=\"has-ast-global-color-6-color has-text-color has-link-color wp-elements-8820b1efefb9020bdc8b0d7d8f2726de\" style=\"padding-right:2vh;padding-left:2vh\">La CLDR peut mettre en place des Groupes de Travail ouverts \u00e0 tous pour l\u2019appuyer dans ses r\u00e9flexions ou concr\u00e9tiser des actions.<br>Selon les besoins et demandes \u00e9manant du terrain, ces groupes se forment autour de th\u00e9matiques sp\u00e9cifiques (\u00e9conomie, villages, agriculture, tourisme, etc.).<\/p>\n\n\n\n<p class=\"has-ast-global-color-6-color has-text-color has-link-color wp-elements-c9f5840e6cd934c4b4bd5e989d228b79\" style=\"padding-right:2vh;padding-left:2vh\">Tout habitant peut participer librement. Encadr\u00e9s par les agents de la FRW, ces groupes fonctionnent de mani\u00e8re souple et \u00e9volutive.<\/p>\n\n\n\n<hr class=\"wp-block-separator has-text-color has-ast-global-color-1-color has-alpha-channel-opacity has-ast-global-color-1-background-color has-background is-style-wide\" \/>\n\n\n\n<h2 class=\"wp-block-heading has-ast-global-color-2-color has-text-color has-link-color wp-elements-1ce1350ee42b5aafb3d6a769bd96516d\" style=\"margin-right:1.5vh;margin-left:1.5vh\">Participation en ligne<\/h2>\n\n\n\n<div style=\"height:20px\" aria-hidden=\"true\" class=\"wp-block-spacer\"><\/div>\n\n\n\n<p class=\"has-ast-global-color-6-color has-text-color has-link-color wp-elements-f35bd9a74af9a0c7dfc4c05953d0af59\" style=\"padding-right:2vh;padding-left:2vh\">La plateforme de participation citoyenne de la FRW permet de prolonger la consultation en ligne. Vous pouvez y consulter les id\u00e9es et projets, suivre leur \u00e9volution, proposer des contributions, commenter ou voter selon l\u2019objet de la consultation, et retrouver les informations utiles.<\/p>\n\n\n\n<p class=\"has-ast-global-color-6-color has-text-color has-link-color wp-elements-16682b6d1e086750a246db1a8fcb2ce9\" style=\"padding-right:2vh;padding-left:2vh\">Inscrivez-vous pour recevoir les informations sur les consultations en cours ou \u00e0 venir dans votre commune : <a href=\"https:\/\/participation.frw.be\/fr-BE\/\" data-type=\"link\" data-id=\"https:\/\/participation.frw.be\/fr-BE\/\" target=\"_blank\" rel=\"noreferrer noopener\"><strong>Plateforme participative<\/strong><\/a>.<\/p>\n<\/div>\n\n\n\n<div class=\"wp-block-group alignfull has-background is-layout-constrained wp-container-core-group-is-layout-405bd31f wp-block-group-is-layout-constrained\" style=\"background:linear-gradient(181deg,rgb(68,85,79) 0%,rgb(111,148,135) 100%);padding-top:3rem;padding-right:3rem;padding-bottom:3rem;padding-left:3rem\">\n<p class=\"has-text-align-center has-ast-global-color-3-color has-text-color has-link-color wp-elements-41e7c9de3aca291688fed7d6a8896b0a\"><strong>Pour rester inform\u00e9 et ne manquer aucun rendez-vous, rencontres, ou \u00e9v\u00e9nements&#8230;<\/strong><\/p>\n\n\n\n<div class=\"wp-block-buttons is-content-justification-center is-layout-flex wp-container-core-buttons-is-layout-a89b3969 wp-block-buttons-is-layout-flex\">\n<div class=\"wp-block-button\"><a class=\"wp-block-button__link has-text-align-center wp-element-button\" href=\"https:\/\/frw-pcdr.be\/chievres\/agenda\/\"><strong>Agenda<\/strong><\/a><\/div>\n<\/div>\n<\/div>\n\n\n\n<p><\/p>\n","protected":false},"excerpt":{"rendered":"<p>Le processus d\u2019ODR repose sur une participation citoyenne active et continue. Que ce soit au travers de la Commission Locale [&hellip;]<\/p>\n","protected":false},"author":1,"featured_media":0,"parent":0,"menu_order":4,"comment_status":"closed","ping_status":"closed","template":"","meta":{"site-sidebar-layout":"default","site-content-layout":"","ast-site-content-layout":"default","site-content-style":"default","site-sidebar-style":"default","ast-global-header-display":"","ast-banner-title-visibility":"","ast-main-header-display":"","ast-hfb-above-header-display":"","ast-hfb-below-header-display":"","ast-hfb-mobile-header-display":"","site-post-title":"disabled","ast-breadcrumbs-content":"","ast-featured-img":"disabled","footer-sml-layout":"","ast-disable-related-posts":"","theme-transparent-header-meta":"","adv-header-id-meta":"","stick-header-meta":"","header-above-stick-meta":"","header-main-stick-meta":"","header-below-stick-meta":"","astra-migrate-meta-layouts":"default","ast-page-background-enabled":"default","ast-page-background-meta":{"desktop":{"background-color":"var(--ast-global-color-5)","background-image":"","background-repeat":"repeat","background-position":"center center","background-size":"auto","background-attachment":"scroll","background-type":"","background-media":"","overlay-type":"","overlay-color":"","overlay-opacity":"","overlay-gradient":""},"tablet":{"background-color":"","background-image":"","background-repeat":"repeat","background-position":"center center","background-size":"auto","background-attachment":"scroll","background-type":"","background-media":"","overlay-type":"","overlay-color":"","overlay-opacity":"","overlay-gradient":""},"mobile":{"background-color":"","background-image":"","background-repeat":"repeat","background-position":"center center","background-size":"auto","background-attachment":"scroll","background-type":"","background-media":"","overlay-type":"","overlay-color":"","overlay-opacity":"","overlay-gradient":""}},"ast-content-background-meta":{"desktop":{"background-color":"var(--ast-global-color-4)","background-image":"","background-repeat":"repeat","background-position":"center center","background-size":"auto","background-attachment":"scroll","background-type":"","background-media":"","overlay-type":"","overlay-color":"","overlay-opacity":"","overlay-gradient":""},"tablet":{"background-color":"var(--ast-global-color-4)","background-image":"","background-repeat":"repeat","background-position":"center center","background-size":"auto","background-attachment":"scroll","background-type":"","background-media":"","overlay-type":"","overlay-color":"","overlay-opacity":"","overlay-gradient":""},"mobile":{"background-color":"var(--ast-global-color-4)","background-image":"","background-repeat":"repeat","background-position":"center center","background-size":"auto","background-attachment":"scroll","background-type":"","background-media":"","overlay-type":"","overlay-color":"","overlay-opacity":"","overlay-gradient":""}},"footnotes":""},"class_list":["post-11","page","type-page","status-publish","hentry"],"_links":{"self":[{"href":"https:\/\/frw-pcdr.be\/chievres\/wp-json\/wp\/v2\/pages\/11","targetHints":{"allow":["GET"]}}],"collection":[{"href":"https:\/\/frw-pcdr.be\/chievres\/wp-json\/wp\/v2\/pages"}],"about":[{"href":"https:\/\/frw-pcdr.be\/chievres\/wp-json\/wp\/v2\/types\/page"}],"author":[{"embeddable":true,"href":"https:\/\/frw-pcdr.be\/chievres\/wp-json\/wp\/v2\/users\/1"}],"replies":[{"embeddable":true,"href":"https:\/\/frw-pcdr.be\/chievres\/wp-json\/wp\/v2\/comments?post=11"}],"version-history":[{"count":9,"href":"https:\/\/frw-pcdr.be\/chievres\/wp-json\/wp\/v2\/pages\/11\/revisions"}],"predecessor-version":[{"id":1122,"href":"https:\/\/frw-pcdr.be\/chievres\/wp-json\/wp\/v2\/pages\/11\/revisions\/1122"}],"wp:attachment":[{"href":"https:\/\/frw-pcdr.be\/chievres\/wp-json\/wp\/v2\/media?parent=11"}],"curies":[{"name":"wp","href":"https:\/\/api.w.org\/{rel}","templated":true}]}}